{"id":4260,"date":"2022-03-03T21:48:28","date_gmt":"2022-03-03T20:48:28","guid":{"rendered":"https:\/\/grandissons.org\/?post_type=tribe_events&#038;p=4260"},"modified":"2022-03-03T21:48:28","modified_gmt":"2022-03-03T20:48:28","slug":"soiree-entre-parents-parler-de-sexualite-avec-ses-enfants","status":"publish","type":"tribe_events","link":"https:\/\/grandissons.org\/?tribe_events=soiree-entre-parents-parler-de-sexualite-avec-ses-enfants","title":{"rendered":"Soir\u00e9e entre parents \u00ab\u00a0parler de sexualit\u00e9 avec ses enfants\u00a0\u00bb"},"content":{"rendered":"<p><span class=\"d2edcug0 hpfvmrgz qv66sw1b c1et5uql lr9zc1uh a8c37x1j fe6kdd0r mau55g9w c8b282yb keod5gw0 nxhoafnm aigsh9s9 d3f4x2em iv3no6db jq4qci2q a3bd9o3v b1v8xokw oo9gr5id\" dir=\"auto\">Marie est charg\u00e9e de mission en \u00e9ducation \u00e0 la sexualit\u00e9 au CRIPS Sud, elle intervient aupr\u00e8s des jeunes pour des s\u00e9ances d&rsquo;\u00e9ducation \u00e0 la vie affective et sexuelle. Elle vous propose une soir\u00e9e d&rsquo;\u00e9changes sur la th\u00e9matique de la sexualit\u00e9 : comment en parler ? Pourquoi ? Qu&rsquo;est-ce qui nous questionne en tant que parent ?<br \/>\nEv\u00e9nement en visio, ouvert \u00e0 tous les parents, sur inscription \u00e0 grandissons@yahoo.com.<\/span><\/p>\n<p><a href=\"https:\/\/grandissons.org\/wp-content\/uploads\/2022\/03\/Parler-de-sexualite-avec-ses-enfants.jpg\"><img decoding=\"async\" loading=\"lazy\" class=\"aligncenter size-full wp-image-4261\" src=\"https:\/\/grandissons.org\/wp-content\/uploads\/2022\/03\/Parler-de-sexualite-avec-ses-enfants.jpg\" alt=\"\" width=\"1587\" height=\"2245\" srcset=\"https:\/\/grandissons.org\/wp-content\/uploads\/2022\/03\/Parler-de-sexualite-avec-ses-enfants.jpg 1587w, https:\/\/grandissons.org\/wp-content\/uploads\/2022\/03\/Parler-de-sexualite-avec-ses-enfants-212x300.jpg 212w, https:\/\/grandissons.org\/wp-content\/uploads\/2022\/03\/Parler-de-sexualite-avec-ses-enfants-724x1024.jpg 724w, https:\/\/grandissons.org\/wp-content\/uploads\/2022\/03\/Parler-de-sexualite-avec-ses-enfants-768x1086.jpg 768w, https:\/\/grandissons.org\/wp-content\/uploads\/2022\/03\/Parler-de-sexualite-avec-ses-enfants-1086x1536.jpg 1086w, https:\/\/grandissons.org\/wp-content\/uploads\/2022\/03\/Parler-de-sexualite-avec-ses-enfants-1448x2048.jpg 1448w, https:\/\/grandissons.org\/wp-content\/uploads\/2022\/03\/Parler-de-sexualite-avec-ses-enfants-133x188.jpg 133w\" sizes=\"(max-width: 1587px) 100vw, 1587px\" \/><\/a><\/p>\n","protected":false},"excerpt":{"rendered":"<p>Marie est charg\u00e9e de mission en \u00e9ducation \u00e0 la sexualit\u00e9 au CRIPS Sud, elle intervient aupr\u00e8s des jeunes pour des s\u00e9ances d&rsquo;\u00e9ducation \u00e0 la vie affective et sexuelle. Elle vous propose une soir\u00e9e d&rsquo;\u00e9changes sur la th\u00e9matique de la sexualit\u00e9 : comment en parler ? Pourquoi ? Qu&rsquo;est-ce qui nous questionne en tant que parent &#8230;<span class=\"read-more\"><a href=\"https:\/\/grandissons.org\/?tribe_events=soiree-entre-parents-parler-de-sexualite-avec-ses-enfants\">>>Read more<\/a><\/span><\/p>\n","protected":false},"author":1,"featured_media":0,"comment_status":"open","ping_status":"closed","template":"","meta":{"_tribe_events_status":"","_tribe_events_status_reason":""},"tags":[],"tribe_events_cat":[166,220,164],"_links":{"self":[{"href":"https:\/\/grandissons.org\/index.php?rest_route=\/wp\/v2\/tribe_events\/4260"}],"collection":[{"href":"https:\/\/grandissons.org\/index.php?rest_route=\/wp\/v2\/tribe_events"}],"about":[{"href":"https:\/\/grandissons.org\/index.php?rest_route=\/wp\/v2\/types\/tribe_events"}],"author":[{"embeddable":true,"href":"https:\/\/grandissons.org\/index.php?rest_route=\/wp\/v2\/users\/1"}],"replies":[{"embeddable":true,"href":"https:\/\/grandissons.org\/index.php?rest_route=%2Fwp%2Fv2%2Fcomments&post=4260"}],"version-history":[{"count":2,"href":"https:\/\/grandissons.org\/index.php?rest_route=\/wp\/v2\/tribe_events\/4260\/revisions"}],"predecessor-version":[{"id":4264,"href":"https:\/\/grandissons.org\/index.php?rest_route=\/wp\/v2\/tribe_events\/4260\/revisions\/4264"}],"wp:attachment":[{"href":"https:\/\/grandissons.org\/index.php?rest_route=%2Fwp%2Fv2%2Fmedia&parent=4260"}],"wp:term":[{"taxonomy":"post_tag","embeddable":true,"href":"https:\/\/grandissons.org\/index.php?rest_route=%2Fwp%2Fv2%2Ftags&post=4260"},{"taxonomy":"tribe_events_cat","embeddable":true,"href":"https:\/\/grandissons.org\/index.php?rest_route=%2Fwp%2Fv2%2Ftribe_events_cat&post=4260"}],"curies":[{"name":"wp","href":"https:\/\/api.w.org\/{rel}","templated":true}]}}

Soirée entre parents « parler de sexualité avec ses enfants »

<p><span class="d2edcug0 hpfvmrgz qv66sw1b c1et5uql lr9zc1uh a8c37x1j fe6kdd0r mau55g9w c8b282yb keod5gw0 nxhoafnm aigsh9s9 d3f4x2em iv3no6db jq4qci2q a3bd9o3v b1v8xokw oo9gr5id" dir="auto">Marie est chargée de mission en éducation à la sexualité au CRIPS Sud, elle intervient auprès des jeunes pour des séances d&rsquo;éducation à la vie affective et sexuelle. Elle vous propose une soirée d&rsquo;échanges sur la thématique de la sexualité : comment en parler ? Pourquoi ? Qu&rsquo;est-ce qui nous questionne en tant que parent ?<br />
Evénement en visio, ouvert à tous les parents, sur inscription à grandissons@yahoo.com.</span></p>
<p><a href="https://grandissons.org/wp-content/uploads/2022/03/Parler-de-sexualite-avec-ses-enfants.jpg"><img decoding="async" loading="lazy" class="aligncenter size-full wp-image-4261" src="https://grandissons.org/wp-content/uploads/2022/03/Parler-de-sexualite-avec-ses-enfants.jpg" alt="" width="1587" height="2245" srcset="https://grandissons.org/wp-content/uploads/2022/03/Parler-de-sexualite-avec-ses-enfants.jpg 1587w, https://grandissons.org/wp-content/uploads/2022/03/Parler-de-sexualite-avec-ses-enfants-212x300.jpg 212w, https://grandissons.org/wp-content/uploads/2022/03/Parler-de-sexualite-avec-ses-enfants-724x1024.jpg 724w, https://grandissons.org/wp-content/uploads/2022/03/Parler-de-sexualite-avec-ses-enfants-768x1086.jpg 768w, https://grandissons.org/wp-content/uploads/2022/03/Parler-de-sexualite-avec-ses-enfants-1086x1536.jpg 1086w, https://grandissons.org/wp-content/uploads/2022/03/Parler-de-sexualite-avec-ses-enfants-1448x2048.jpg 1448w, https://grandissons.org/wp-content/uploads/2022/03/Parler-de-sexualite-avec-ses-enfants-133x188.jpg 133w" sizes="(max-width: 1587px) 100vw, 1587px" /></a></p>

<p>Marie est chargée de mission en éducation à la sexualité au CRIPS Sud, elle intervient auprès des jeunes pour des séances d&rsquo;éducation à la vie affective et sexuelle. Elle vous propose une soirée d&rsquo;échanges sur la thématique de la sexualité : comment en parler ? Pourquoi ? Qu&rsquo;est-ce qui nous questionne en tant que parent &#8230;<span class="read-more"><a href="https://grandissons.org/?tribe_events=soiree-entre-parents-parler-de-sexualite-avec-ses-enfants">>>Read more</a></span></p>
