{"id":4256,"date":"2022-02-18T11:42:53","date_gmt":"2022-02-18T10:42:53","guid":{"rendered":"https:\/\/grandissons.org\/?post_type=tribe_events&#038;p=4256"},"modified":"2022-02-18T11:43:32","modified_gmt":"2022-02-18T10:43:32","slug":"reunion-virtuelle-allaiter-durant-la-grossesse-et-co-allaiter","status":"publish","type":"tribe_events","link":"https:\/\/grandissons.org\/?tribe_events=reunion-virtuelle-allaiter-durant-la-grossesse-et-co-allaiter","title":{"rendered":"r\u00e9union virtuelle allaiter durant la grossesse et co-allaiter"},"content":{"rendered":"<p>La l\u00e8che League et grandissons vous propose une rencontre en visio, autour de l&rsquo;allaitement durant la grossesse et le co-allaitement.<br \/>\nr\u00e9union ouverte a toutes personnes int\u00e9ress\u00e9es et concern\u00e9es par ce sujet.<br \/>\ninscription n\u00e9cessaire sur reunionlllf.azur@gmail.com.<br \/>\nvous recevrez les codes de connexion la veille de la r\u00e9union.<br \/>\npour plus d&rsquo;info appelez Fr\u00e9d\u00e9rique au 0758519295<a href=\"https:\/\/grandissons.org\/wp-content\/uploads\/2022\/02\/allaiter-pendant-sa-grossesse-et-co-allaiter.png\"><img decoding=\"async\" loading=\"lazy\" class=\"size-full wp-image-4257 aligncenter\" src=\"https:\/\/grandissons.org\/wp-content\/uploads\/2022\/02\/allaiter-pendant-sa-grossesse-et-co-allaiter.png\" alt=\"\" width=\"940\" height=\"788\" srcset=\"https:\/\/grandissons.org\/wp-content\/uploads\/2022\/02\/allaiter-pendant-sa-grossesse-et-co-allaiter.png 940w, https:\/\/grandissons.org\/wp-content\/uploads\/2022\/02\/allaiter-pendant-sa-grossesse-et-co-allaiter-300x251.png 300w, https:\/\/grandissons.org\/wp-content\/uploads\/2022\/02\/allaiter-pendant-sa-grossesse-et-co-allaiter-768x644.png 768w, https:\/\/grandissons.org\/wp-content\/uploads\/2022\/02\/allaiter-pendant-sa-grossesse-et-co-allaiter-133x111.png 133w\" sizes=\"(max-width: 940px) 100vw, 940px\" \/><\/a><\/p>\n","protected":false},"excerpt":{"rendered":"<p>La l\u00e8che League et grandissons vous propose une rencontre en visio, autour de l&rsquo;allaitement durant la grossesse et le co-allaitement. r\u00e9union ouverte a toutes personnes int\u00e9ress\u00e9es et concern\u00e9es par ce sujet. inscription n\u00e9cessaire sur reunionlllf.azur@gmail.com. vous recevrez les codes de connexion la veille de la r\u00e9union. pour plus d&rsquo;info appelez Fr\u00e9d\u00e9rique au 0758519295<\/p>\n","protected":false},"author":1,"featured_media":0,"comment_status":"open","ping_status":"closed","template":"","meta":{"_tribe_events_status":"","_tribe_events_status_reason":""},"tags":[],"tribe_events_cat":[83,81,96],"_links":{"self":[{"href":"https:\/\/grandissons.org\/index.php?rest_route=\/wp\/v2\/tribe_events\/4256"}],"collection":[{"href":"https:\/\/grandissons.org\/index.php?rest_route=\/wp\/v2\/tribe_events"}],"about":[{"href":"https:\/\/grandissons.org\/index.php?rest_route=\/wp\/v2\/types\/tribe_events"}],"author":[{"embeddable":true,"href":"https:\/\/grandissons.org\/index.php?rest_route=\/wp\/v2\/users\/1"}],"replies":[{"embeddable":true,"href":"https:\/\/grandissons.org\/index.php?rest_route=%2Fwp%2Fv2%2Fcomments&post=4256"}],"version-history":[{"count":1,"href":"https:\/\/grandissons.org\/index.php?rest_route=\/wp\/v2\/tribe_events\/4256\/revisions"}],"predecessor-version":[{"id":4258,"href":"https:\/\/grandissons.org\/index.php?rest_route=\/wp\/v2\/tribe_events\/4256\/revisions\/4258"}],"wp:attachment":[{"href":"https:\/\/grandissons.org\/index.php?rest_route=%2Fwp%2Fv2%2Fmedia&parent=4256"}],"wp:term":[{"taxonomy":"post_tag","embeddable":true,"href":"https:\/\/grandissons.org\/index.php?rest_route=%2Fwp%2Fv2%2Ftags&post=4256"},{"taxonomy":"tribe_events_cat","embeddable":true,"href":"https:\/\/grandissons.org\/index.php?rest_route=%2Fwp%2Fv2%2Ftribe_events_cat&post=4256"}],"curies":[{"name":"wp","href":"https:\/\/api.w.org\/{rel}","templated":true}]}}

réunion virtuelle allaiter durant la grossesse et co-allaiter

<p>La lèche League et grandissons vous propose une rencontre en visio, autour de l&rsquo;allaitement durant la grossesse et le co-allaitement.<br />
réunion ouverte a toutes personnes intéressées et concernées par ce sujet.<br />
inscription nécessaire sur reunionlllf.azur@gmail.com.<br />
vous recevrez les codes de connexion la veille de la réunion.<br />
pour plus d&rsquo;info appelez Frédérique au 0758519295<a href="https://grandissons.org/wp-content/uploads/2022/02/allaiter-pendant-sa-grossesse-et-co-allaiter.png"><img decoding="async" loading="lazy" class="size-full wp-image-4257 aligncenter" src="https://grandissons.org/wp-content/uploads/2022/02/allaiter-pendant-sa-grossesse-et-co-allaiter.png" alt="" width="940" height="788" srcset="https://grandissons.org/wp-content/uploads/2022/02/allaiter-pendant-sa-grossesse-et-co-allaiter.png 940w, https://grandissons.org/wp-content/uploads/2022/02/allaiter-pendant-sa-grossesse-et-co-allaiter-300x251.png 300w, https://grandissons.org/wp-content/uploads/2022/02/allaiter-pendant-sa-grossesse-et-co-allaiter-768x644.png 768w, https://grandissons.org/wp-content/uploads/2022/02/allaiter-pendant-sa-grossesse-et-co-allaiter-133x111.png 133w" sizes="(max-width: 940px) 100vw, 940px" /></a></p>

<p>La lèche League et grandissons vous propose une rencontre en visio, autour de l&rsquo;allaitement durant la grossesse et le co-allaitement. réunion ouverte a toutes personnes intéressées et concernées par ce sujet. inscription nécessaire sur reunionlllf.azur@gmail.com. vous recevrez les codes de connexion la veille de la réunion. pour plus d&rsquo;info appelez Frédérique au 0758519295</p>
