{"id":4222,"date":"2022-01-31T15:06:13","date_gmt":"2022-01-31T14:06:13","guid":{"rendered":"https:\/\/grandissons.org\/?post_type=tribe_events&#038;p=4222"},"modified":"2022-01-31T15:06:13","modified_gmt":"2022-01-31T14:06:13","slug":"atelier-de-parentalite-positive-2-6-session-a","status":"publish","type":"tribe_events","link":"https:\/\/grandissons.org\/?tribe_events=atelier-de-parentalite-positive-2-6-session-a","title":{"rendered":"Atelier de parentalit\u00e9 positive (2\/6, session A)"},"content":{"rendered":"\r\n\r\nSESSION A : les lundis 13:30-16h : 21\/02, 28\/02, 14\/03, 21\/03, 28\/03 et 4\/04<a href=\"https:\/\/grandissons.org\/wp-content\/uploads\/2022\/01\/propose-1.jpg\"><img decoding=\"async\" loading=\"lazy\" class=\"aligncenter wp-image-4218 size-medium\" src=\"https:\/\/grandissons.org\/wp-content\/uploads\/2022\/01\/propose-1-300x169.jpg\" alt=\"\" width=\"300\" height=\"169\" srcset=\"https:\/\/grandissons.org\/wp-content\/uploads\/2022\/01\/propose-1-300x169.jpg 300w, https:\/\/grandissons.org\/wp-content\/uploads\/2022\/01\/propose-1-1024x576.jpg 1024w, https:\/\/grandissons.org\/wp-content\/uploads\/2022\/01\/propose-1-768x432.jpg 768w, https:\/\/grandissons.org\/wp-content\/uploads\/2022\/01\/propose-1-1536x864.jpg 1536w, https:\/\/grandissons.org\/wp-content\/uploads\/2022\/01\/propose-1-133x75.jpg 133w, https:\/\/grandissons.org\/wp-content\/uploads\/2022\/01\/propose-1.jpg 1920w\" sizes=\"(max-width: 300px) 100vw, 300px\" \/><\/a>\r\n\r\n\r\n\r\nCes ateliers, destin\u00e9s aux parents d&rsquo;enfants de 0 \u00e0 12 ans, sont anim\u00e9s par Vicky Brougiannaki, coach parentale form\u00e9e \u00e0 la m\u00e9thode Filliozat. Ils vous donneront les bases de la parentalit\u00e9 positive ainsi que des outils concrets pour faire face aux diff\u00e9rentes situations que l\u2019on rencontre au quotidien avec les enfants. Nous parlerons des \u00e9motions ainsi que des besoins des enfants. Nous apprendrons \u00e0 les guider vers l\u2019autonomie, sans cris, sans punitions, sans violence. En participant \u00e0 cet atelier vous apprendrez \u00e0 : \u2013 Accueillir les \u00e9motions difficiles des enfants \u2013 Comprendre et exprimer vos propres \u00e9motions, besoins et d\u00e9saccords sans blesser \u2013 Utiliser des alternatives \u00e0 la punition \u2013 R\u00e9soudre les conflits familiaux dans une ambiance de calme et de coop\u00e9ration Nous d\u00e9finirons \u00e9galement avec pr\u00e9cision les contours du \u00ab\u00a0parentage positif\u00a0\u00bb et dissiperons le flou et les malentendus autour des notions telles que la bienveillance, le laxisme, les limites etc.\r\n\r\n\r\n\r\nInformations et inscriptions au 0683829887, \u00e0 grandissons@yahoo.com, ou sur Facebook <a href=\"https:\/\/www.facebook.com\/events\/436000321586267?acontext=%7B%22event_action_history%22%3A[%7B%22extra_data%22%3A%22%22%2C%22mechanism%22%3A%22surface%22%2C%22surface%22%3A%22edit_dialog%22%7D%2C%7B%22extra_data%22%3A%22%22%2C%22mechanism%22%3A%22surface%22%2C%22surface%22%3A%22permalink%22%7D%2C%7B%22extra_data%22%3A%22%22%2C%22mechanism%22%3A%22surface%22%2C%22surface%22%3A%22edit_dialog%22%7D]%2C%22ref_notif_type%22%3Anull%7D\">(20+) Ateliers de parentalit\u00e9 positive | Facebook<\/a>\r\n\r\n","protected":false},"excerpt":{"rendered":"<p>SESSION A : les lundis 13:30-16h : 21\/02, 28\/02, 14\/03, 21\/03, 28\/03 et 4\/04 Ces ateliers, destin\u00e9s aux parents d&rsquo;enfants de 0 \u00e0 12 ans, sont anim\u00e9s par Vicky Brougiannaki, coach parentale form\u00e9e \u00e0 la m\u00e9thode Filliozat. Ils vous donneront les bases de la parentalit\u00e9 positive ainsi que des outils concrets pour faire face aux &#8230;<span class=\"read-more\"><a href=\"https:\/\/grandissons.org\/?tribe_events=atelier-de-parentalite-positive-2-6-session-a\">>>Read more<\/a><\/span><\/p>\n","protected":false},"author":1,"featured_media":0,"comment_status":"open","ping_status":"closed","template":"","meta":{"_tribe_events_status":"","_tribe_events_status_reason":""},"tags":[],"tribe_events_cat":[],"_links":{"self":[{"href":"https:\/\/grandissons.org\/index.php?rest_route=\/wp\/v2\/tribe_events\/4222"}],"collection":[{"href":"https:\/\/grandissons.org\/index.php?rest_route=\/wp\/v2\/tribe_events"}],"about":[{"href":"https:\/\/grandissons.org\/index.php?rest_route=\/wp\/v2\/types\/tribe_events"}],"author":[{"embeddable":true,"href":"https:\/\/grandissons.org\/index.php?rest_route=\/wp\/v2\/users\/1"}],"replies":[{"embeddable":true,"href":"https:\/\/grandissons.org\/index.php?rest_route=%2Fwp%2Fv2%2Fcomments&post=4222"}],"version-history":[{"count":1,"href":"https:\/\/grandissons.org\/index.php?rest_route=\/wp\/v2\/tribe_events\/4222\/revisions"}],"predecessor-version":[{"id":4223,"href":"https:\/\/grandissons.org\/index.php?rest_route=\/wp\/v2\/tribe_events\/4222\/revisions\/4223"}],"wp:attachment":[{"href":"https:\/\/grandissons.org\/index.php?rest_route=%2Fwp%2Fv2%2Fmedia&parent=4222"}],"wp:term":[{"taxonomy":"post_tag","embeddable":true,"href":"https:\/\/grandissons.org\/index.php?rest_route=%2Fwp%2Fv2%2Ftags&post=4222"},{"taxonomy":"tribe_events_cat","embeddable":true,"href":"https:\/\/grandissons.org\/index.php?rest_route=%2Fwp%2Fv2%2Ftribe_events_cat&post=4222"}],"curies":[{"name":"wp","href":"https:\/\/api.w.org\/{rel}","templated":true}]}}

Atelier de parentalité positive (2/6, session A)

SESSION A : les lundis 13:30-16h : 21/02, 28/02, 14/03, 21/03, 28/03 et 4/04<a href="https://grandissons.org/wp-content/uploads/2022/01/propose-1.jpg"><img decoding="async" loading="lazy" class="aligncenter wp-image-4218 size-medium" src="https://grandissons.org/wp-content/uploads/2022/01/propose-1-300x169.jpg" alt="" width="300" height="169" srcset="https://grandissons.org/wp-content/uploads/2022/01/propose-1-300x169.jpg 300w, https://grandissons.org/wp-content/uploads/2022/01/propose-1-1024x576.jpg 1024w, https://grandissons.org/wp-content/uploads/2022/01/propose-1-768x432.jpg 768w, https://grandissons.org/wp-content/uploads/2022/01/propose-1-1536x864.jpg 1536w, https://grandissons.org/wp-content/uploads/2022/01/propose-1-133x75.jpg 133w, https://grandissons.org/wp-content/uploads/2022/01/propose-1.jpg 1920w" sizes="(max-width: 300px) 100vw, 300px" /></a>



Ces ateliers, destinés aux parents d&rsquo;enfants de 0 à 12 ans, sont animés par Vicky Brougiannaki, coach parentale formée à la méthode Filliozat. Ils vous donneront les bases de la parentalité positive ainsi que des outils concrets pour faire face aux différentes situations que l’on rencontre au quotidien avec les enfants. Nous parlerons des émotions ainsi que des besoins des enfants. Nous apprendrons à les guider vers l’autonomie, sans cris, sans punitions, sans violence. En participant à cet atelier vous apprendrez à : – Accueillir les émotions difficiles des enfants – Comprendre et exprimer vos propres émotions, besoins et désaccords sans blesser – Utiliser des alternatives à la punition – Résoudre les conflits familiaux dans une ambiance de calme et de coopération Nous définirons également avec précision les contours du « parentage positif » et dissiperons le flou et les malentendus autour des notions telles que la bienveillance, le laxisme, les limites etc.



Informations et inscriptions au 0683829887, à grandissons@yahoo.com, ou sur Facebook <a href="https://www.facebook.com/events/436000321586267?acontext=%7B%22event_action_history%22%3A[%7B%22extra_data%22%3A%22%22%2C%22mechanism%22%3A%22surface%22%2C%22surface%22%3A%22edit_dialog%22%7D%2C%7B%22extra_data%22%3A%22%22%2C%22mechanism%22%3A%22surface%22%2C%22surface%22%3A%22permalink%22%7D%2C%7B%22extra_data%22%3A%22%22%2C%22mechanism%22%3A%22surface%22%2C%22surface%22%3A%22edit_dialog%22%7D]%2C%22ref_notif_type%22%3Anull%7D">(20+) Ateliers de parentalité positive | Facebook</a>

<p>SESSION A : les lundis 13:30-16h : 21/02, 28/02, 14/03, 21/03, 28/03 et 4/04 Ces ateliers, destinés aux parents d&rsquo;enfants de 0 à 12 ans, sont animés par Vicky Brougiannaki, coach parentale formée à la méthode Filliozat. Ils vous donneront les bases de la parentalité positive ainsi que des outils concrets pour faire face aux &#8230;<span class="read-more"><a href="https://grandissons.org/?tribe_events=atelier-de-parentalite-positive-2-6-session-a">>>Read more</a></span></p>
