{"id":4073,"date":"2021-05-28T09:47:08","date_gmt":"2021-05-28T08:47:08","guid":{"rendered":"https:\/\/grandissons.org\/?post_type=tribe_events&#038;p=4073"},"modified":"2021-05-28T09:47:08","modified_gmt":"2021-05-28T08:47:08","slug":"atelier-faber-et-mazlich-1-7","status":"publish","type":"tribe_events","link":"https:\/\/grandissons.org\/?tribe_events=atelier-faber-et-mazlich-1-7","title":{"rendered":"Atelier Faber et Mazlich 1\/7"},"content":{"rendered":"<p><a href=\"https:\/\/grandissons.org\/wp-content\/uploads\/2021\/05\/185782592_10157648853486262_3539468573071897447_n.jpg\"><img decoding=\"async\" loading=\"lazy\" class=\"aligncenter  wp-image-4074\" src=\"https:\/\/grandissons.org\/wp-content\/uploads\/2021\/05\/185782592_10157648853486262_3539468573071897447_n.jpg\" alt=\"\" width=\"336\" height=\"189\" srcset=\"https:\/\/grandissons.org\/wp-content\/uploads\/2021\/05\/185782592_10157648853486262_3539468573071897447_n.jpg 1707w, https:\/\/grandissons.org\/wp-content\/uploads\/2021\/05\/185782592_10157648853486262_3539468573071897447_n-300x169.jpg 300w, https:\/\/grandissons.org\/wp-content\/uploads\/2021\/05\/185782592_10157648853486262_3539468573071897447_n-1024x576.jpg 1024w, https:\/\/grandissons.org\/wp-content\/uploads\/2021\/05\/185782592_10157648853486262_3539468573071897447_n-768x432.jpg 768w, https:\/\/grandissons.org\/wp-content\/uploads\/2021\/05\/185782592_10157648853486262_3539468573071897447_n-1536x864.jpg 1536w, https:\/\/grandissons.org\/wp-content\/uploads\/2021\/05\/185782592_10157648853486262_3539468573071897447_n-133x75.jpg 133w\" sizes=\"(max-width: 336px) 100vw, 336px\" \/><\/a>Cycle de 7 ateliers \u00ab\u00a0Parler pour que les enfants \u00e9coutent, \u00e9couter pour que les enfants parlent\u00a0\u00bb Faber et Mazlish, \u00e0 Cagnes sur Mer, avec Vicky Brougiannaki, coach parentale.<br \/>\nTous les vendredis de 13h30 \u00e0 16h00 du 8 janvier au 19 f\u00e9vrier 2021.<br \/>\nAttention, limit\u00e9 \u00e0 6 participants ! Pour tous renseignements ou pour vous inscrire, merci de contacter directement Vicky Brougiannaki (tel sur l&rsquo;affiche) ou grandissons@yahoo.com<br \/>\nQue vous soyez parent, futur parent ou grand-parent, on vous propose une s\u00e9rie de 7 ateliers de communication interg\u00e9n\u00e9rationnelle.<br \/>\nCes ateliers vous donneront les bases de la parentalit\u00e9 bienveillante ainsi que des outils concrets pour faire face aux diff\u00e9rentes situations que l&rsquo;on rencontre au quotidien avec les enfants.<br \/>\nNous parlerons des \u00e9motions ainsi que des besoins des enfants. Nous apprendrons \u00e0 les guider vers l&rsquo;autonomie, sans cris, sans punitions, sans violence.<br \/>\nEn participant \u00e0 cet atelier vous apprendrez \u00e0 :<br \/>\n&#8211; Accueillir les \u00e9motions difficiles des enfants<br \/>\n&#8211; Exprimer vos propres \u00e9motions, besoins et d\u00e9saccords sans blesser<br \/>\n&#8211; Susciter le d\u00e9sir de coop\u00e9rer chez l&rsquo;enfant<br \/>\n&#8211; Utiliser des alternatives \u00e0 la punition<br \/>\n&#8211; R\u00e9soudre les conflits familiaux dans une ambiance de calme et de coop\u00e9ration<br \/>\n&#8230; pour le plus grand bonheur de tous !<\/p>\n","protected":false},"excerpt":{"rendered":"<p>Cycle de 7 ateliers \u00ab\u00a0Parler pour que les enfants \u00e9coutent, \u00e9couter pour que les enfants parlent\u00a0\u00bb Faber et Mazlish, \u00e0 Cagnes sur Mer, avec Vicky Brougiannaki, coach parentale. Tous les vendredis de 13h30 \u00e0 16h00 du 8 janvier au 19 f\u00e9vrier 2021. Attention, limit\u00e9 \u00e0 6 participants ! Pour tous renseignements ou pour vous inscrire, &#8230;<span class=\"read-more\"><a href=\"https:\/\/grandissons.org\/?tribe_events=atelier-faber-et-mazlich-1-7\">>>Read more<\/a><\/span><\/p>\n","protected":false},"author":1,"featured_media":0,"comment_status":"open","ping_status":"closed","template":"","meta":{"_tribe_events_status":"","_tribe_events_status_reason":""},"tags":[],"tribe_events_cat":[88,165,220],"_links":{"self":[{"href":"https:\/\/grandissons.org\/index.php?rest_route=\/wp\/v2\/tribe_events\/4073"}],"collection":[{"href":"https:\/\/grandissons.org\/index.php?rest_route=\/wp\/v2\/tribe_events"}],"about":[{"href":"https:\/\/grandissons.org\/index.php?rest_route=\/wp\/v2\/types\/tribe_events"}],"author":[{"embeddable":true,"href":"https:\/\/grandissons.org\/index.php?rest_route=\/wp\/v2\/users\/1"}],"replies":[{"embeddable":true,"href":"https:\/\/grandissons.org\/index.php?rest_route=%2Fwp%2Fv2%2Fcomments&post=4073"}],"version-history":[{"count":1,"href":"https:\/\/grandissons.org\/index.php?rest_route=\/wp\/v2\/tribe_events\/4073\/revisions"}],"predecessor-version":[{"id":4075,"href":"https:\/\/grandissons.org\/index.php?rest_route=\/wp\/v2\/tribe_events\/4073\/revisions\/4075"}],"wp:attachment":[{"href":"https:\/\/grandissons.org\/index.php?rest_route=%2Fwp%2Fv2%2Fmedia&parent=4073"}],"wp:term":[{"taxonomy":"post_tag","embeddable":true,"href":"https:\/\/grandissons.org\/index.php?rest_route=%2Fwp%2Fv2%2Ftags&post=4073"},{"taxonomy":"tribe_events_cat","embeddable":true,"href":"https:\/\/grandissons.org\/index.php?rest_route=%2Fwp%2Fv2%2Ftribe_events_cat&post=4073"}],"curies":[{"name":"wp","href":"https:\/\/api.w.org\/{rel}","templated":true}]}}

<p><a href="https://grandissons.org/wp-content/uploads/2021/05/185782592_10157648853486262_3539468573071897447_n.jpg"><img decoding="async" loading="lazy" class="aligncenter  wp-image-4074" src="https://grandissons.org/wp-content/uploads/2021/05/185782592_10157648853486262_3539468573071897447_n.jpg" alt="" width="336" height="189" srcset="https://grandissons.org/wp-content/uploads/2021/05/185782592_10157648853486262_3539468573071897447_n.jpg 1707w, https://grandissons.org/wp-content/uploads/2021/05/185782592_10157648853486262_3539468573071897447_n-300x169.jpg 300w, https://grandissons.org/wp-content/uploads/2021/05/185782592_10157648853486262_3539468573071897447_n-1024x576.jpg 1024w, https://grandissons.org/wp-content/uploads/2021/05/185782592_10157648853486262_3539468573071897447_n-768x432.jpg 768w, https://grandissons.org/wp-content/uploads/2021/05/185782592_10157648853486262_3539468573071897447_n-1536x864.jpg 1536w, https://grandissons.org/wp-content/uploads/2021/05/185782592_10157648853486262_3539468573071897447_n-133x75.jpg 133w" sizes="(max-width: 336px) 100vw, 336px" /></a>Cycle de 7 ateliers « Parler pour que les enfants écoutent, écouter pour que les enfants parlent » Faber et Mazlish, à Cagnes sur Mer, avec Vicky Brougiannaki, coach parentale.<br />
Tous les vendredis de 13h30 à 16h00 du 8 janvier au 19 février 2021.<br />
Attention, limité à 6 participants ! Pour tous renseignements ou pour vous inscrire, merci de contacter directement Vicky Brougiannaki (tel sur l&rsquo;affiche) ou grandissons@yahoo.com<br />
Que vous soyez parent, futur parent ou grand-parent, on vous propose une série de 7 ateliers de communication intergénérationnelle.<br />
Ces ateliers vous donneront les bases de la parentalité bienveillante ainsi que des outils concrets pour faire face aux différentes situations que l&rsquo;on rencontre au quotidien avec les enfants.<br />
Nous parlerons des émotions ainsi que des besoins des enfants. Nous apprendrons à les guider vers l&rsquo;autonomie, sans cris, sans punitions, sans violence.<br />
En participant à cet atelier vous apprendrez à :<br />
&#8211; Accueillir les émotions difficiles des enfants<br />
&#8211; Exprimer vos propres émotions, besoins et désaccords sans blesser<br />
&#8211; Susciter le désir de coopérer chez l&rsquo;enfant<br />
&#8211; Utiliser des alternatives à la punition<br />
&#8211; Résoudre les conflits familiaux dans une ambiance de calme et de coopération<br />
&#8230; pour le plus grand bonheur de tous !</p>

<p>Cycle de 7 ateliers « Parler pour que les enfants écoutent, écouter pour que les enfants parlent » Faber et Mazlish, à Cagnes sur Mer, avec Vicky Brougiannaki, coach parentale. Tous les vendredis de 13h30 à 16h00 du 8 janvier au 19 février 2021. Attention, limité à 6 participants ! Pour tous renseignements ou pour vous inscrire, &#8230;<span class="read-more"><a href="https://grandissons.org/?tribe_events=atelier-faber-et-mazlich-1-7">>>Read more</a></span></p>
