{"id":4044,"date":"2021-04-27T09:58:41","date_gmt":"2021-04-27T08:58:41","guid":{"rendered":"https:\/\/grandissons.org\/?post_type=tribe_events&#038;p=4044"},"modified":"2021-04-27T09:58:41","modified_gmt":"2021-04-27T08:58:41","slug":"jnve-le-respect-pour-qui-pourquoi-comment","status":"publish","type":"tribe_events","link":"https:\/\/grandissons.org\/?tribe_events=jnve-le-respect-pour-qui-pourquoi-comment","title":{"rendered":"JNVE &#8211; LE RESPECT : Pour qui ? Pourquoi ? Comment ?"},"content":{"rendered":"<div class=\"kvgmc6g5 cxmmr5t8 oygrvhab hcukyx3x c1et5uql\"><a href=\"https:\/\/grandissons.org\/wp-content\/uploads\/2021\/04\/179440313_792215864833514_8059282801167827687_n.png\"><img decoding=\"async\" loading=\"lazy\" class=\"aligncenter size-full wp-image-4045\" src=\"https:\/\/grandissons.org\/wp-content\/uploads\/2021\/04\/179440313_792215864833514_8059282801167827687_n.png\" alt=\"\" width=\"1472\" height=\"828\" srcset=\"https:\/\/grandissons.org\/wp-content\/uploads\/2021\/04\/179440313_792215864833514_8059282801167827687_n.png 1472w, https:\/\/grandissons.org\/wp-content\/uploads\/2021\/04\/179440313_792215864833514_8059282801167827687_n-300x169.png 300w, https:\/\/grandissons.org\/wp-content\/uploads\/2021\/04\/179440313_792215864833514_8059282801167827687_n-1024x576.png 1024w, https:\/\/grandissons.org\/wp-content\/uploads\/2021\/04\/179440313_792215864833514_8059282801167827687_n-768x432.png 768w, https:\/\/grandissons.org\/wp-content\/uploads\/2021\/04\/179440313_792215864833514_8059282801167827687_n-133x75.png 133w\" sizes=\"(max-width: 1472px) 100vw, 1472px\" \/><\/a>Pour la Journ\u00e9e de la Non-Violence \u00c9ducative, Grandissons vous propose une table ronde participative sur le th\u00e8me du RESPECT.<\/div>\n<div class=\"o9v6fnle cxmmr5t8 oygrvhab hcukyx3x c1et5uql\">Qu&rsquo;est-ce que le respect ? Qui est concern\u00e9 ? Comment est-ce qu&rsquo;il se manifeste et comment est-ce qu&rsquo;il se per\u00e7oit ? Est-ce que \u00e7a s&rsquo;apprend ? Est-ce que \u00e7a se doit ? Et dans les classes, comment \u00e7a se passe ?<\/div>\n<div class=\"o9v6fnle cxmmr5t8 oygrvhab hcukyx3x c1et5uql\">B\u00e9b\u00e9s, enfants, ados, adultes, parents, enseignants, grand-parents&#8230; toutes et tous concern\u00e9\u00b7e\u00b7s pour le manifester et pour le recevoir, pour vivre ensemble.<\/div>\n<div class=\"o9v6fnle cxmmr5t8 oygrvhab hcukyx3x c1et5uql\">Venez en parler avec nous, exprimer vos interrogations, vos difficult\u00e9s ou vos r\u00e9ussites !<\/div>\n<div class=\"o9v6fnle cxmmr5t8 oygrvhab hcukyx3x c1et5uql\">D\u00e9bat anim\u00e9 par Lise, co-fondatrice de Grandissons, avec :<br \/>\nAriane, \u00e9ducatrice de jeunes enfants<br \/>\nEmmanuel, professeur des coll\u00e8ges<br \/>\nVicky, conseill\u00e8re parentale<br \/>\nVincent, directeur d&rsquo;\u00e9cole et enseignant<br \/>\nAude, accompagnante parentale<\/div>\n<div class=\"o9v6fnle cxmmr5t8 oygrvhab hcukyx3x c1et5uql\">\u00c9v\u00e8nement gratuit sur la plateforme Zoom, inscription obligatoire sur :<br \/>\n<a class=\"oajrlxb2 g5ia77u1 qu0x051f esr5mh6w e9989ue4 r7d6kgcz rq0escxv nhd2j8a9 nc684nl6 p7hjln8o kvgmc6g5 cxmmr5t8 oygrvhab hcukyx3x jb3vyjys rz4wbd8a qt6c0cv9 a8nywdso i1ao9s8h esuyzwwr f1sip0of lzcic4wl py34i1dx gpro0wi8\" tabindex=\"0\" role=\"link\" href=\"https:\/\/l.facebook.com\/l.php?u=https%3A%2F%2Fwww.helloasso.com%2Fassociations%2Fgrandissons%2Fevenements%2Ftable-ronde-le-respect%3Ffbclid%3DIwAR3aLM2JYA_J8dcig8Ps_mmjg0H13pskz8v1_ZjDEk4aHpw95lIawtGblz8&amp;h=AT3Np0mYSJ8QxZEWPFvRuIQASm7rpgO-qck63IN98krH1RKSz3n59cr2rQp2IgyLk3HL1P7Wx3ZhVZwYReFNQD3bqeIx3iNb5Yni2KVdOTccxEWhmJrZz6ObXkIM6y8ZT47M&amp;__tn__=q&amp;c[0]=AT2C4jRhie6HowlttSF63fVOHM10txNCHY1lUfG7ShPZkIXqD0jY9LO106WdcwPVGptFCGQjfHpEjJe_oM9xI907Hm1At4B-0zrBxWIp_i244UnMEFyYBBzo_wYSdJA4TtA1CNiK6_inkMayq2p_1wovMHihzWq5ToeafIm3Iy9NEIfCow\" target=\"_blank\" rel=\"nofollow noopener noreferrer\">https:\/\/www.helloasso.com\/&#8230;\/even&#8230;\/table-ronde-le-respect<\/a><br \/>\nLe lien zoom vous sera communiqu\u00e9 apr\u00e8s validation de votre inscription.<br \/>\nInformations \u00e9galement disponibles sur\u00a0<a class=\"oajrlxb2 g5ia77u1 qu0x051f esr5mh6w e9989ue4 r7d6kgcz rq0escxv nhd2j8a9 nc684nl6 p7hjln8o kvgmc6g5 cxmmr5t8 oygrvhab hcukyx3x jb3vyjys rz4wbd8a qt6c0cv9 a8nywdso i1ao9s8h esuyzwwr f1sip0of lzcic4wl py34i1dx gpro0wi8\" tabindex=\"0\" role=\"link\" href=\"https:\/\/l.facebook.com\/l.php?u=http%3A%2F%2Fgrandissons.org%2F%3Ffbclid%3DIwAR2d4oFDJZ34IWp5Ep3ppvb7vel-nHdctIex_MmuwVzecBIY1kyS6gHprjo&amp;h=AT2djypy-vq6q9h6pN3Qk5Baj_ibpbGQyt69T8oR5I6ioLF5GbWVJHRW88gHF1vAteZd9bJ7m7Rq20HQ34l6bwykzJx_zxiAZZc2ntKeJ7BxvNxyQdj5xOdOQaTkDb_rL3WH&amp;__tn__=q&amp;c[0]=AT2C4jRhie6HowlttSF63fVOHM10txNCHY1lUfG7ShPZkIXqD0jY9LO106WdcwPVGptFCGQjfHpEjJe_oM9xI907Hm1At4B-0zrBxWIp_i244UnMEFyYBBzo_wYSdJA4TtA1CNiK6_inkMayq2p_1wovMHihzWq5ToeafIm3Iy9NEIfCow\" target=\"_blank\" rel=\"nofollow noopener noreferrer\">grandissons.org<\/a><\/p>\n<div class=\"oajrlxb2 g5ia77u1 qu0x051f esr5mh6w e9989ue4 r7d6kgcz rq0escxv nhd2j8a9 nc684nl6 p7hjln8o kvgmc6g5 cxmmr5t8 oygrvhab hcukyx3x jb3vyjys rz4wbd8a qt6c0cv9 a8nywdso i1ao9s8h esuyzwwr f1sip0of lzcic4wl oo9gr5id gpro0wi8 lrazzd5p\" tabindex=\"0\" role=\"button\">Voir moins<\/div>\n<\/div>\n<p>&nbsp;<\/p>\n","protected":false},"excerpt":{"rendered":"<p>Pour la Journ\u00e9e de la Non-Violence \u00c9ducative, Grandissons vous propose une table ronde participative sur le th\u00e8me du RESPECT. Qu&rsquo;est-ce que le respect ? Qui est concern\u00e9 ? Comment est-ce qu&rsquo;il se manifeste et comment est-ce qu&rsquo;il se per\u00e7oit ? Est-ce que \u00e7a s&rsquo;apprend ? Est-ce que \u00e7a se doit ? Et dans les classes, &#8230;<span class=\"read-more\"><a href=\"https:\/\/grandissons.org\/?tribe_events=jnve-le-respect-pour-qui-pourquoi-comment\">>>Read more<\/a><\/span><\/p>\n","protected":false},"author":1,"featured_media":0,"comment_status":"open","ping_status":"closed","template":"","meta":{"_tribe_events_status":"","_tribe_events_status_reason":""},"tags":[219],"tribe_events_cat":[166,93],"_links":{"self":[{"href":"https:\/\/grandissons.org\/index.php?rest_route=\/wp\/v2\/tribe_events\/4044"}],"collection":[{"href":"https:\/\/grandissons.org\/index.php?rest_route=\/wp\/v2\/tribe_events"}],"about":[{"href":"https:\/\/grandissons.org\/index.php?rest_route=\/wp\/v2\/types\/tribe_events"}],"author":[{"embeddable":true,"href":"https:\/\/grandissons.org\/index.php?rest_route=\/wp\/v2\/users\/1"}],"replies":[{"embeddable":true,"href":"https:\/\/grandissons.org\/index.php?rest_route=%2Fwp%2Fv2%2Fcomments&post=4044"}],"version-history":[{"count":1,"href":"https:\/\/grandissons.org\/index.php?rest_route=\/wp\/v2\/tribe_events\/4044\/revisions"}],"predecessor-version":[{"id":4046,"href":"https:\/\/grandissons.org\/index.php?rest_route=\/wp\/v2\/tribe_events\/4044\/revisions\/4046"}],"wp:attachment":[{"href":"https:\/\/grandissons.org\/index.php?rest_route=%2Fwp%2Fv2%2Fmedia&parent=4044"}],"wp:term":[{"taxonomy":"post_tag","embeddable":true,"href":"https:\/\/grandissons.org\/index.php?rest_route=%2Fwp%2Fv2%2Ftags&post=4044"},{"taxonomy":"tribe_events_cat","embeddable":true,"href":"https:\/\/grandissons.org\/index.php?rest_route=%2Fwp%2Fv2%2Ftribe_events_cat&post=4044"}],"curies":[{"name":"wp","href":"https:\/\/api.w.org\/{rel}","templated":true}]}}

<div class="kvgmc6g5 cxmmr5t8 oygrvhab hcukyx3x c1et5uql"><a href="https://grandissons.org/wp-content/uploads/2021/04/179440313_792215864833514_8059282801167827687_n.png"><img decoding="async" loading="lazy" class="aligncenter size-full wp-image-4045" src="https://grandissons.org/wp-content/uploads/2021/04/179440313_792215864833514_8059282801167827687_n.png" alt="" width="1472" height="828" srcset="https://grandissons.org/wp-content/uploads/2021/04/179440313_792215864833514_8059282801167827687_n.png 1472w, https://grandissons.org/wp-content/uploads/2021/04/179440313_792215864833514_8059282801167827687_n-300x169.png 300w, https://grandissons.org/wp-content/uploads/2021/04/179440313_792215864833514_8059282801167827687_n-1024x576.png 1024w, https://grandissons.org/wp-content/uploads/2021/04/179440313_792215864833514_8059282801167827687_n-768x432.png 768w, https://grandissons.org/wp-content/uploads/2021/04/179440313_792215864833514_8059282801167827687_n-133x75.png 133w" sizes="(max-width: 1472px) 100vw, 1472px" /></a>Pour la Journée de la Non-Violence Éducative, Grandissons vous propose une table ronde participative sur le thème du RESPECT.</div>
<div class="o9v6fnle cxmmr5t8 oygrvhab hcukyx3x c1et5uql">Qu&rsquo;est-ce que le respect ? Qui est concerné ? Comment est-ce qu&rsquo;il se manifeste et comment est-ce qu&rsquo;il se perçoit ? Est-ce que ça s&rsquo;apprend ? Est-ce que ça se doit ? Et dans les classes, comment ça se passe ?</div>
<div class="o9v6fnle cxmmr5t8 oygrvhab hcukyx3x c1et5uql">Bébés, enfants, ados, adultes, parents, enseignants, grand-parents&#8230; toutes et tous concerné·e·s pour le manifester et pour le recevoir, pour vivre ensemble.</div>
<div class="o9v6fnle cxmmr5t8 oygrvhab hcukyx3x c1et5uql">Venez en parler avec nous, exprimer vos interrogations, vos difficultés ou vos réussites !</div>
<div class="o9v6fnle cxmmr5t8 oygrvhab hcukyx3x c1et5uql">Débat animé par Lise, co-fondatrice de Grandissons, avec :<br />
Ariane, éducatrice de jeunes enfants<br />
Emmanuel, professeur des collèges<br />
Vicky, conseillère parentale<br />
Vincent, directeur d&rsquo;école et enseignant<br />
Aude, accompagnante parentale</div>
<div class="o9v6fnle cxmmr5t8 oygrvhab hcukyx3x c1et5uql">Évènement gratuit sur la plateforme Zoom, inscription obligatoire sur :<br />
<a class="oajrlxb2 g5ia77u1 qu0x051f esr5mh6w e9989ue4 r7d6kgcz rq0escxv nhd2j8a9 nc684nl6 p7hjln8o kvgmc6g5 cxmmr5t8 oygrvhab hcukyx3x jb3vyjys rz4wbd8a qt6c0cv9 a8nywdso i1ao9s8h esuyzwwr f1sip0of lzcic4wl py34i1dx gpro0wi8" tabindex="0" role="link" href="https://l.facebook.com/l.php?u=https%3A%2F%2Fwww.helloasso.com%2Fassociations%2Fgrandissons%2Fevenements%2Ftable-ronde-le-respect%3Ffbclid%3DIwAR3aLM2JYA_J8dcig8Ps_mmjg0H13pskz8v1_ZjDEk4aHpw95lIawtGblz8&amp;h=AT3Np0mYSJ8QxZEWPFvRuIQASm7rpgO-qck63IN98krH1RKSz3n59cr2rQp2IgyLk3HL1P7Wx3ZhVZwYReFNQD3bqeIx3iNb5Yni2KVdOTccxEWhmJrZz6ObXkIM6y8ZT47M&amp;__tn__=q&amp;c[0]=AT2C4jRhie6HowlttSF63fVOHM10txNCHY1lUfG7ShPZkIXqD0jY9LO106WdcwPVGptFCGQjfHpEjJe_oM9xI907Hm1At4B-0zrBxWIp_i244UnMEFyYBBzo_wYSdJA4TtA1CNiK6_inkMayq2p_1wovMHihzWq5ToeafIm3Iy9NEIfCow" target="_blank" rel="nofollow noopener noreferrer">https://www.helloasso.com/&#8230;/even&#8230;/table-ronde-le-respect</a><br />
Le lien zoom vous sera communiqué après validation de votre inscription.<br />
Informations également disponibles sur <a class="oajrlxb2 g5ia77u1 qu0x051f esr5mh6w e9989ue4 r7d6kgcz rq0escxv nhd2j8a9 nc684nl6 p7hjln8o kvgmc6g5 cxmmr5t8 oygrvhab hcukyx3x jb3vyjys rz4wbd8a qt6c0cv9 a8nywdso i1ao9s8h esuyzwwr f1sip0of lzcic4wl py34i1dx gpro0wi8" tabindex="0" role="link" href="https://l.facebook.com/l.php?u=http%3A%2F%2Fgrandissons.org%2F%3Ffbclid%3DIwAR2d4oFDJZ34IWp5Ep3ppvb7vel-nHdctIex_MmuwVzecBIY1kyS6gHprjo&amp;h=AT2djypy-vq6q9h6pN3Qk5Baj_ibpbGQyt69T8oR5I6ioLF5GbWVJHRW88gHF1vAteZd9bJ7m7Rq20HQ34l6bwykzJx_zxiAZZc2ntKeJ7BxvNxyQdj5xOdOQaTkDb_rL3WH&amp;__tn__=q&amp;c[0]=AT2C4jRhie6HowlttSF63fVOHM10txNCHY1lUfG7ShPZkIXqD0jY9LO106WdcwPVGptFCGQjfHpEjJe_oM9xI907Hm1At4B-0zrBxWIp_i244UnMEFyYBBzo_wYSdJA4TtA1CNiK6_inkMayq2p_1wovMHihzWq5ToeafIm3Iy9NEIfCow" target="_blank" rel="nofollow noopener noreferrer">grandissons.org</a></p>
<div class="oajrlxb2 g5ia77u1 qu0x051f esr5mh6w e9989ue4 r7d6kgcz rq0escxv nhd2j8a9 nc684nl6 p7hjln8o kvgmc6g5 cxmmr5t8 oygrvhab hcukyx3x jb3vyjys rz4wbd8a qt6c0cv9 a8nywdso i1ao9s8h esuyzwwr f1sip0of lzcic4wl oo9gr5id gpro0wi8 lrazzd5p" tabindex="0" role="button">Voir moins</div>
</div>
<p>&nbsp;</p>

<p>Pour la Journée de la Non-Violence Éducative, Grandissons vous propose une table ronde participative sur le thème du RESPECT. Qu&rsquo;est-ce que le respect ? Qui est concerné ? Comment est-ce qu&rsquo;il se manifeste et comment est-ce qu&rsquo;il se perçoit ? Est-ce que ça s&rsquo;apprend ? Est-ce que ça se doit ? Et dans les classes, &#8230;<span class="read-more"><a href="https://grandissons.org/?tribe_events=jnve-le-respect-pour-qui-pourquoi-comment">>>Read more</a></span></p>
