{"id":3356,"date":"2018-08-26T16:24:36","date_gmt":"2018-08-26T15:24:36","guid":{"rendered":"https:\/\/grandissons.org\/?post_type=tribe_events&#038;p=3356"},"modified":"2018-09-09T22:24:15","modified_gmt":"2018-09-09T21:24:15","slug":"journee-enfance-et-nature","status":"publish","type":"tribe_events","link":"https:\/\/grandissons.org\/?tribe_events=journee-enfance-et-nature","title":{"rendered":"Journ\u00e9e Enfance et Nature"},"content":{"rendered":"<p><a href=\"https:\/\/grandissons.org\/wp-content\/uploads\/2018\/08\/Projet-affiche-journ\u00e9e-Enfance-Nature-16-septembre.jpg\"><img decoding=\"async\" loading=\"lazy\" class=\"aligncenter size-medium wp-image-3362\" src=\"https:\/\/grandissons.org\/wp-content\/uploads\/2018\/08\/Projet-affiche-journ\u00e9e-Enfance-Nature-16-septembre-300x196.jpg\" alt=\"\" width=\"300\" height=\"196\" srcset=\"https:\/\/grandissons.org\/wp-content\/uploads\/2018\/08\/Projet-affiche-journ\u00e9e-Enfance-Nature-16-septembre-300x196.jpg 300w, https:\/\/grandissons.org\/wp-content\/uploads\/2018\/08\/Projet-affiche-journ\u00e9e-Enfance-Nature-16-septembre-768x502.jpg 768w, https:\/\/grandissons.org\/wp-content\/uploads\/2018\/08\/Projet-affiche-journ\u00e9e-Enfance-Nature-16-septembre-1024x670.jpg 1024w, https:\/\/grandissons.org\/wp-content\/uploads\/2018\/08\/Projet-affiche-journ\u00e9e-Enfance-Nature-16-septembre-133x87.jpg 133w, https:\/\/grandissons.org\/wp-content\/uploads\/2018\/08\/Projet-affiche-journ\u00e9e-Enfance-Nature-16-septembre.jpg 1559w\" sizes=\"(max-width: 300px) 100vw, 300px\" \/><\/a><\/p>\n<p>Ouverture de la F\u00eate des Possibles 2018 : honneur aux enfants !<\/p>\n<p>Ensemble, cr\u00e9ons les conditions d&rsquo;une enfance \u00e9panouissante, connect\u00e9e \u00e0 la Nature !<\/p>\n<p>Dans le cadre verdoyant du Jardin p\u00e9dagogique en Permaculture du Petit Pessicart, enfants, parents, enseignants, \u00e9ducateurs et toutes les personnes int\u00e9ress\u00e9es par la reconnexion entre enfance et nature sont convi\u00e9es \u00e0 des ateliers pratiques et des tables rondes abordant notamment les th\u00e8mes suivants :<\/p>\n<p>&#8211; grossesse naturelle et consciente<br \/>\n(accompagnements \/ pr\u00e9parations dont haptonomie, sophrologie, chant&#8230;)<br \/>\n&#8211; naissance physiologique et accouchement respect\u00e9 (\u00e0 domicile, projet de naissance, le r\u00f4le d&rsquo;une Doula&#8230;)<br \/>\n&#8211; pas de partum post partum ! (allaitement, cododo, massage, portage&#8230;)<br \/>\n&#8211; sant\u00e9 environnementale et b\u00e9b\u00e9 (mobilier, produits naturels, homemade et 0-d\u00e9chet&#8230;)<br \/>\n&#8211; bains de nature et mouvement \u00ab wild child \u00bb<br \/>\n&#8211; motricit\u00e9 libre : espace de d\u00e9couverte guid\u00e9e permanent&#8230; en for\u00eat!<br \/>\n&#8211; enfance et nature : ateliers faune\/flore et permaculture dans le jardin-for\u00eat !<br \/>\n&#8211; apprendre avec et dans la nature : perma-p\u00e9dagogie, \u00e9tablissements innovants, \u00e9ducation \u00e0 l\u2019environnement, etc<\/p>\n<p>et toutes les questions touchant \u00e0 une enfance et une parentalit\u00e9 bienveillante et en lien avec la nature !<\/p>\n<p>Enfin, \u00e0 17h30, la journ\u00e9e se cloturera par un concert exceptionnel : sous les ch\u00eanes, \u00a0\u00bbLes Voix de Ga\u00efa\u00a0\u00bb feront r\u00e9sonner des chants polyphoniques du monde entier !<\/p>\n<p>* * * *<br \/>\nInfos : contact@shilakong.org<br \/>\nEvennement co-organis\u00e9 par les associations Grandissons &amp; Shilakong &#8230; et avec la participation de nombreuses autres !<br \/>\nProgramme d\u00e9taill\u00e9 \u00e0 venir tr\u00e8s bient\u00f4t !!<\/p>\n<p>* * * *<br \/>\nInfos pratiques :<\/p>\n<p>Pour se rendre au jardin en bus ou \u00e0 pied :<br \/>\n\u200b<br \/>\nLa face Sud, en mode sportif, par le bas : Lignes 17 ou 63 &#8211; arr\u00eat Pessicart Inf\u00e9rieur. \u00c0 partir de l&rsquo;arr\u00eat, remonter l&rsquo;avenue sur 100m puis traverser pour prendre les escaliers sur la gauche.<\/p>\n<p>Ou la voie Nord, en mode ballade, par le haut: Ligne 63 &#8211; arr\u00eat Petit Pessicart. Descendre tout le chemin du Petit Pessicart jusqu&rsquo;au dernier portail \u00e0 droite.<\/p>\n<p>En voiture :<br \/>\n\u200b<br \/>\nSe garer en bas des escaliers (vers le 111 Av. de Pessicart), les escaliers seront un peu plus bas. Un panneau de bois indiquera le jardin (en + d&rsquo;un panneau jaune \u00ab\u00a0voisins vigilants\u00a0\u00bb).<br \/>\nMerci de limiter les v\u00e9hicules et de favoriser le covoiturage. Les personnes \u00e0 mobilit\u00e9 r\u00e9duite peuvent se garer a proximit\u00e9 du jardin. Merci de nous en informer.<\/p>\n<p>Limitons nos d\u00e9chets :<\/p>\n<p>Pensez \u00e0 apporter votre pique-nique avec vos couverts et gobelets et essayons de limiter nos d\u00e9chets ! Merci de repartir avec vos emballages jetables, le compost est bienvenu !<\/p>\n<p>Les enfants sont bien \u00e9videmment les bienvenus et de nombreux ateliers leurs sont d\u00e9di\u00e9s ! Cependant, le terrain n&rsquo;\u00e9tant pas encore cl\u00f4tur\u00e9 ni enti\u00e8rement s\u00e9curis\u00e9, ils doivent rester sous la vigilence de leurs parents.<\/p>\n<p>Les personnes \u00e0 mobilit\u00e9 r\u00e9duite peuvent avoir acc\u00e8s \u00e0 certains espaces du jardin.<\/p>\n<p>Les animaux sont accept\u00e9s s&rsquo;ils sont calmes ou tenus en laisse.<\/p>\n","protected":false},"excerpt":{"rendered":"<p>Ouverture de la F\u00eate des Possibles 2018 : honneur aux enfants ! Ensemble, cr\u00e9ons les conditions d&rsquo;une enfance \u00e9panouissante, connect\u00e9e \u00e0 la Nature ! Dans le cadre verdoyant du Jardin p\u00e9dagogique en Permaculture du Petit Pessicart, enfants, parents, enseignants, \u00e9ducateurs et toutes les personnes int\u00e9ress\u00e9es par la reconnexion entre enfance et nature sont convi\u00e9es \u00e0 &#8230;<span class=\"read-more\"><a href=\"https:\/\/grandissons.org\/?tribe_events=journee-enfance-et-nature\">>>Read more<\/a><\/span><\/p>\n","protected":false},"author":1,"featured_media":0,"comment_status":"open","ping_status":"closed","template":"","meta":{"_tribe_events_status":"","_tribe_events_status_reason":""},"tags":[],"tribe_events_cat":[],"_links":{"self":[{"href":"https:\/\/grandissons.org\/index.php?rest_route=\/wp\/v2\/tribe_events\/3356"}],"collection":[{"href":"https:\/\/grandissons.org\/index.php?rest_route=\/wp\/v2\/tribe_events"}],"about":[{"href":"https:\/\/grandissons.org\/index.php?rest_route=\/wp\/v2\/types\/tribe_events"}],"author":[{"embeddable":true,"href":"https:\/\/grandissons.org\/index.php?rest_route=\/wp\/v2\/users\/1"}],"replies":[{"embeddable":true,"href":"https:\/\/grandissons.org\/index.php?rest_route=%2Fwp%2Fv2%2Fcomments&post=3356"}],"version-history":[{"count":3,"href":"https:\/\/grandissons.org\/index.php?rest_route=\/wp\/v2\/tribe_events\/3356\/revisions"}],"predecessor-version":[{"id":3363,"href":"https:\/\/grandissons.org\/index.php?rest_route=\/wp\/v2\/tribe_events\/3356\/revisions\/3363"}],"wp:attachment":[{"href":"https:\/\/grandissons.org\/index.php?rest_route=%2Fwp%2Fv2%2Fmedia&parent=3356"}],"wp:term":[{"taxonomy":"post_tag","embeddable":true,"href":"https:\/\/grandissons.org\/index.php?rest_route=%2Fwp%2Fv2%2Ftags&post=3356"},{"taxonomy":"tribe_events_cat","embeddable":true,"href":"https:\/\/grandissons.org\/index.php?rest_route=%2Fwp%2Fv2%2Ftribe_events_cat&post=3356"}],"curies":[{"name":"wp","href":"https:\/\/api.w.org\/{rel}","templated":true}]}}

Journée Enfance et Nature

<p><a href="https://grandissons.org/wp-content/uploads/2018/08/Projet-affiche-journée-Enfance-Nature-16-septembre.jpg"><img decoding="async" loading="lazy" class="aligncenter size-medium wp-image-3362" src="https://grandissons.org/wp-content/uploads/2018/08/Projet-affiche-journée-Enfance-Nature-16-septembre-300x196.jpg" alt="" width="300" height="196" srcset="https://grandissons.org/wp-content/uploads/2018/08/Projet-affiche-journée-Enfance-Nature-16-septembre-300x196.jpg 300w, https://grandissons.org/wp-content/uploads/2018/08/Projet-affiche-journée-Enfance-Nature-16-septembre-768x502.jpg 768w, https://grandissons.org/wp-content/uploads/2018/08/Projet-affiche-journée-Enfance-Nature-16-septembre-1024x670.jpg 1024w, https://grandissons.org/wp-content/uploads/2018/08/Projet-affiche-journée-Enfance-Nature-16-septembre-133x87.jpg 133w, https://grandissons.org/wp-content/uploads/2018/08/Projet-affiche-journée-Enfance-Nature-16-septembre.jpg 1559w" sizes="(max-width: 300px) 100vw, 300px" /></a></p>
<p>Ouverture de la Fête des Possibles 2018 : honneur aux enfants !</p>
<p>Ensemble, créons les conditions d&rsquo;une enfance épanouissante, connectée à la Nature !</p>
<p>Dans le cadre verdoyant du Jardin pédagogique en Permaculture du Petit Pessicart, enfants, parents, enseignants, éducateurs et toutes les personnes intéressées par la reconnexion entre enfance et nature sont conviées à des ateliers pratiques et des tables rondes abordant notamment les thèmes suivants :</p>
<p>&#8211; grossesse naturelle et consciente<br />
(accompagnements / préparations dont haptonomie, sophrologie, chant&#8230;)<br />
&#8211; naissance physiologique et accouchement respecté (à domicile, projet de naissance, le rôle d&rsquo;une Doula&#8230;)<br />
&#8211; pas de partum post partum ! (allaitement, cododo, massage, portage&#8230;)<br />
&#8211; santé environnementale et bébé (mobilier, produits naturels, homemade et 0-déchet&#8230;)<br />
&#8211; bains de nature et mouvement « wild child »<br />
&#8211; motricité libre : espace de découverte guidée permanent&#8230; en forêt!<br />
&#8211; enfance et nature : ateliers faune/flore et permaculture dans le jardin-forêt !<br />
&#8211; apprendre avec et dans la nature : perma-pédagogie, établissements innovants, éducation à l’environnement, etc</p>
<p>et toutes les questions touchant à une enfance et une parentalité bienveillante et en lien avec la nature !</p>
<p>Enfin, à 17h30, la journée se cloturera par un concert exceptionnel : sous les chênes,  »Les Voix de Gaïa » feront résonner des chants polyphoniques du monde entier !</p>
<p>* * * *<br />
Infos : contact@shilakong.org<br />
Evennement co-organisé par les associations Grandissons &amp; Shilakong &#8230; et avec la participation de nombreuses autres !<br />
Programme détaillé à venir très bientôt !!</p>
<p>* * * *<br />
Infos pratiques :</p>
<p>Pour se rendre au jardin en bus ou à pied :<br />
​<br />
La face Sud, en mode sportif, par le bas : Lignes 17 ou 63 &#8211; arrêt Pessicart Inférieur. À partir de l&rsquo;arrêt, remonter l&rsquo;avenue sur 100m puis traverser pour prendre les escaliers sur la gauche.</p>
<p>Ou la voie Nord, en mode ballade, par le haut: Ligne 63 &#8211; arrêt Petit Pessicart. Descendre tout le chemin du Petit Pessicart jusqu&rsquo;au dernier portail à droite.</p>
<p>En voiture :<br />
​<br />
Se garer en bas des escaliers (vers le 111 Av. de Pessicart), les escaliers seront un peu plus bas. Un panneau de bois indiquera le jardin (en + d&rsquo;un panneau jaune « voisins vigilants »).<br />
Merci de limiter les véhicules et de favoriser le covoiturage. Les personnes à mobilité réduite peuvent se garer a proximité du jardin. Merci de nous en informer.</p>
<p>Limitons nos déchets :</p>
<p>Pensez à apporter votre pique-nique avec vos couverts et gobelets et essayons de limiter nos déchets ! Merci de repartir avec vos emballages jetables, le compost est bienvenu !</p>
<p>Les enfants sont bien évidemment les bienvenus et de nombreux ateliers leurs sont dédiés ! Cependant, le terrain n&rsquo;étant pas encore clôturé ni entièrement sécurisé, ils doivent rester sous la vigilence de leurs parents.</p>
<p>Les personnes à mobilité réduite peuvent avoir accès à certains espaces du jardin.</p>
<p>Les animaux sont acceptés s&rsquo;ils sont calmes ou tenus en laisse.</p>

<p>Ouverture de la Fête des Possibles 2018 : honneur aux enfants ! Ensemble, créons les conditions d&rsquo;une enfance épanouissante, connectée à la Nature ! Dans le cadre verdoyant du Jardin pédagogique en Permaculture du Petit Pessicart, enfants, parents, enseignants, éducateurs et toutes les personnes intéressées par la reconnexion entre enfance et nature sont conviées à &#8230;<span class="read-more"><a href="https://grandissons.org/?tribe_events=journee-enfance-et-nature">>>Read more</a></span></p>
