{"id":1842,"date":"2015-03-05T23:57:54","date_gmt":"2015-03-05T22:57:54","guid":{"rendered":"http:\/\/grandissons.org\/?post_type=tribe_events&#038;p=1842"},"modified":"2015-04-06T17:07:02","modified_gmt":"2015-04-06T16:07:02","slug":"le-pique-nique-du-mercredi-36","status":"publish","type":"tribe_events","link":"https:\/\/grandissons.org\/?tribe_events=le-pique-nique-du-mercredi-36","title":{"rendered":"Le pique-nique du mercredi"},"content":{"rendered":"<p style=\"text-align: justify;\">Tous les mercredis ou presque (de mani\u00e8re d\u00e9pendante de la m\u00e9t\u00e9o et de diverses autres interf\u00e9rences), <em>Grandissons<\/em> organise un pique-nique (<strong>les pique-niques du mercredi<\/strong>). Le parc des Bugadi\u00e8res \u00e9tant ferm\u00e9 jusqu&rsquo;\u00e0 nouvel ordre, ils ont d\u00e9sormais lieu Parc Rainier III (en face de\u00a0la plage de Cagnes, \u00e0 c\u00f4t\u00e9 de l&rsquo;hippodrome).<\/p>\n<p style=\"text-align: justify;\"><a href=\"http:\/\/grandissons.org\/wp-content\/uploads\/2015\/03\/parcrainieriii.jpg\"><img decoding=\"async\" loading=\"lazy\" class=\"aligncenter size-medium wp-image-1972\" src=\"http:\/\/grandissons.org\/wp-content\/uploads\/2015\/03\/parcrainieriii-300x236.jpg\" alt=\"parcrainieriii\" width=\"300\" height=\"236\" srcset=\"https:\/\/grandissons.org\/wp-content\/uploads\/2015\/03\/parcrainieriii-300x236.jpg 300w, https:\/\/grandissons.org\/wp-content\/uploads\/2015\/03\/parcrainieriii-1024x805.jpg 1024w, https:\/\/grandissons.org\/wp-content\/uploads\/2015\/03\/parcrainieriii.jpg 1121w\" sizes=\"(max-width: 300px) 100vw, 300px\" \/><\/a><\/p>\n<p><strong>A partir de midi<\/strong><\/p>\n<p><a href=\"http:\/\/grandissons.org\/?page_id=1091\">http:\/\/grandissons.org\/?page_id=1091<\/a><\/p>\n<p><img decoding=\"async\" loading=\"lazy\" class=\"aligncenter  wp-image-1836\" src=\"http:\/\/grandissons.org\/wp-content\/uploads\/2014\/05\/11015058_609508965849436_2796215325642403425_n.jpg\" alt=\"11015058_609508965849436_2796215325642403425_n\" width=\"500\" height=\"333\" srcset=\"https:\/\/grandissons.org\/wp-content\/uploads\/2014\/05\/11015058_609508965849436_2796215325642403425_n.jpg 720w, https:\/\/grandissons.org\/wp-content\/uploads\/2014\/05\/11015058_609508965849436_2796215325642403425_n-300x200.jpg 300w\" sizes=\"(max-width: 500px) 100vw, 500px\" \/><\/p>\n","protected":false},"excerpt":{"rendered":"<p>Tous les mercredis ou presque (de mani\u00e8re d\u00e9pendante de la m\u00e9t\u00e9o et de diverses autres interf\u00e9rences), Grandissons organise un pique-nique (les pique-niques du mercredi). Le parc des Bugadi\u00e8res \u00e9tant ferm\u00e9 jusqu&rsquo;\u00e0 nouvel ordre, ils ont d\u00e9sormais lieu Parc Rainier III (en face de\u00a0la plage de Cagnes, \u00e0 c\u00f4t\u00e9 de l&rsquo;hippodrome). A partir de midi http:\/\/grandissons.org\/?page_id=1091<\/p>\n","protected":false},"author":1,"featured_media":0,"comment_status":"open","ping_status":"open","template":"","meta":{"_tribe_events_status":"","_tribe_events_status_reason":""},"tags":[],"tribe_events_cat":[86,87],"_links":{"self":[{"href":"https:\/\/grandissons.org\/index.php?rest_route=\/wp\/v2\/tribe_events\/1842"}],"collection":[{"href":"https:\/\/grandissons.org\/index.php?rest_route=\/wp\/v2\/tribe_events"}],"about":[{"href":"https:\/\/grandissons.org\/index.php?rest_route=\/wp\/v2\/types\/tribe_events"}],"author":[{"embeddable":true,"href":"https:\/\/grandissons.org\/index.php?rest_route=\/wp\/v2\/users\/1"}],"replies":[{"embeddable":true,"href":"https:\/\/grandissons.org\/index.php?rest_route=%2Fwp%2Fv2%2Fcomments&post=1842"}],"version-history":[{"count":0,"href":"https:\/\/grandissons.org\/index.php?rest_route=\/wp\/v2\/tribe_events\/1842\/revisions"}],"wp:attachment":[{"href":"https:\/\/grandissons.org\/index.php?rest_route=%2Fwp%2Fv2%2Fmedia&parent=1842"}],"wp:term":[{"taxonomy":"post_tag","embeddable":true,"href":"https:\/\/grandissons.org\/index.php?rest_route=%2Fwp%2Fv2%2Ftags&post=1842"},{"taxonomy":"tribe_events_cat","embeddable":true,"href":"https:\/\/grandissons.org\/index.php?rest_route=%2Fwp%2Fv2%2Ftribe_events_cat&post=1842"}],"curies":[{"name":"wp","href":"https:\/\/api.w.org\/{rel}","templated":true}]}}

<p style="text-align: justify;">Tous les mercredis ou presque (de manière dépendante de la météo et de diverses autres interférences), <em>Grandissons</em> organise un pique-nique (<strong>les pique-niques du mercredi</strong>). Le parc des Bugadières étant fermé jusqu&rsquo;à nouvel ordre, ils ont désormais lieu Parc Rainier III (en face de la plage de Cagnes, à côté de l&rsquo;hippodrome).</p>
<p style="text-align: justify;"><a href="http://grandissons.org/wp-content/uploads/2015/03/parcrainieriii.jpg"><img decoding="async" loading="lazy" class="aligncenter size-medium wp-image-1972" src="http://grandissons.org/wp-content/uploads/2015/03/parcrainieriii-300x236.jpg" alt="parcrainieriii" width="300" height="236" srcset="https://grandissons.org/wp-content/uploads/2015/03/parcrainieriii-300x236.jpg 300w, https://grandissons.org/wp-content/uploads/2015/03/parcrainieriii-1024x805.jpg 1024w, https://grandissons.org/wp-content/uploads/2015/03/parcrainieriii.jpg 1121w" sizes="(max-width: 300px) 100vw, 300px" /></a></p>
<p><strong>A partir de midi</strong></p>
<p><a href="http://grandissons.org/?page_id=1091">http://grandissons.org/?page_id=1091</a></p>
<p><img decoding="async" loading="lazy" class="aligncenter  wp-image-1836" src="http://grandissons.org/wp-content/uploads/2014/05/11015058_609508965849436_2796215325642403425_n.jpg" alt="11015058_609508965849436_2796215325642403425_n" width="500" height="333" srcset="https://grandissons.org/wp-content/uploads/2014/05/11015058_609508965849436_2796215325642403425_n.jpg 720w, https://grandissons.org/wp-content/uploads/2014/05/11015058_609508965849436_2796215325642403425_n-300x200.jpg 300w" sizes="(max-width: 500px) 100vw, 500px" /></p>

<p>Tous les mercredis ou presque (de manière dépendante de la météo et de diverses autres interférences), Grandissons organise un pique-nique (les pique-niques du mercredi). Le parc des Bugadières étant fermé jusqu&rsquo;à nouvel ordre, ils ont désormais lieu Parc Rainier III (en face de la plage de Cagnes, à côté de l&rsquo;hippodrome). A partir de midi http://grandissons.org/?page_id=1091</p>
