{"id":1348,"date":"2014-09-29T22:11:32","date_gmt":"2014-09-29T21:11:32","guid":{"rendered":"http:\/\/grandissons.org\/?post_type=tribe_events&#038;p=1348"},"modified":"2014-10-31T15:37:28","modified_gmt":"2014-10-31T14:37:28","slug":"papotons-chez-grandissons-4","status":"publish","type":"tribe_events","link":"https:\/\/grandissons.org\/?tribe_events=papotons-chez-grandissons-4","title":{"rendered":"Papotons chez Grandissons"},"content":{"rendered":"<p>Le <strong>samedi 4 Octobre, \u00e0 16h<\/strong>, un caf\u00e9 des parents, \u00ab\u00a0<strong>papotons chez\u00a0<em>Grandissons<\/em><\/strong>\u00a0\u00bb pour discuter entre parents et futurs parents.<\/p>\n<p><a href=\"http:\/\/grandissons.org\/?page_id=497\">http:\/\/grandissons.org\/?page_id=497\u00a0<\/a><\/p>\n<p>&nbsp;<\/p>\n<p>Je vous propose notre premier caf\u00e9 des parents apr\u00e8s l&rsquo;\u00e9t\u00e9.<br \/>\nVos enfants sont \u00e9videmment les bienvenus les papas aussi. le nombre de places \u00e9tant limit\u00e9 pensez \u00e0 vous inscrire.<br \/>\nLes personnes inscrites sont pri\u00e9es de confirmer leur venue la veille au plus tard.<br \/>\nVous pouvez emmener quelque chose \u00e0 partager (g\u00e2teau, ou autre) si vous le souhaitez.<\/p>\n<p>&nbsp;<\/p>\n<p><a href=\"http:\/\/grandissons.org\/wp-content\/uploads\/2014\/05\/affiche_papotons2.jpg\"><img decoding=\"async\" loading=\"lazy\" class=\"aligncenter size-medium wp-image-1066\" src=\"http:\/\/grandissons.org\/wp-content\/uploads\/2014\/05\/affiche_papotons2-225x300.jpg\" alt=\"affiche_papotons2\" width=\"225\" height=\"300\" srcset=\"https:\/\/grandissons.org\/wp-content\/uploads\/2014\/05\/affiche_papotons2-225x300.jpg 225w, https:\/\/grandissons.org\/wp-content\/uploads\/2014\/05\/affiche_papotons2.jpg 720w\" sizes=\"(max-width: 225px) 100vw, 225px\" \/><\/a><\/p>\n","protected":false},"excerpt":{"rendered":"<p>Le samedi 4 Octobre, \u00e0 16h, un caf\u00e9 des parents, \u00ab\u00a0papotons chez\u00a0Grandissons\u00a0\u00bb pour discuter entre parents et futurs parents. http:\/\/grandissons.org\/?page_id=497\u00a0 &nbsp; Je vous propose notre premier caf\u00e9 des parents apr\u00e8s l&rsquo;\u00e9t\u00e9. Vos enfants sont \u00e9videmment les bienvenus les papas aussi. le nombre de places \u00e9tant limit\u00e9 pensez \u00e0 vous inscrire. Les personnes inscrites sont pri\u00e9es &#8230;<span class=\"read-more\"><a href=\"https:\/\/grandissons.org\/?tribe_events=papotons-chez-grandissons-4\">>>Read more<\/a><\/span><\/p>\n","protected":false},"author":1,"featured_media":0,"comment_status":"open","ping_status":"open","template":"","meta":{"_tribe_events_status":"","_tribe_events_status_reason":""},"tags":[],"tribe_events_cat":[81,86],"_links":{"self":[{"href":"https:\/\/grandissons.org\/index.php?rest_route=\/wp\/v2\/tribe_events\/1348"}],"collection":[{"href":"https:\/\/grandissons.org\/index.php?rest_route=\/wp\/v2\/tribe_events"}],"about":[{"href":"https:\/\/grandissons.org\/index.php?rest_route=\/wp\/v2\/types\/tribe_events"}],"author":[{"embeddable":true,"href":"https:\/\/grandissons.org\/index.php?rest_route=\/wp\/v2\/users\/1"}],"replies":[{"embeddable":true,"href":"https:\/\/grandissons.org\/index.php?rest_route=%2Fwp%2Fv2%2Fcomments&post=1348"}],"version-history":[{"count":0,"href":"https:\/\/grandissons.org\/index.php?rest_route=\/wp\/v2\/tribe_events\/1348\/revisions"}],"wp:attachment":[{"href":"https:\/\/grandissons.org\/index.php?rest_route=%2Fwp%2Fv2%2Fmedia&parent=1348"}],"wp:term":[{"taxonomy":"post_tag","embeddable":true,"href":"https:\/\/grandissons.org\/index.php?rest_route=%2Fwp%2Fv2%2Ftags&post=1348"},{"taxonomy":"tribe_events_cat","embeddable":true,"href":"https:\/\/grandissons.org\/index.php?rest_route=%2Fwp%2Fv2%2Ftribe_events_cat&post=1348"}],"curies":[{"name":"wp","href":"https:\/\/api.w.org\/{rel}","templated":true}]}}

<p>Le <strong>samedi 4 Octobre, à 16h</strong>, un café des parents, « <strong>papotons chez <em>Grandissons</em></strong> » pour discuter entre parents et futurs parents.</p>
<p><a href="http://grandissons.org/?page_id=497">http://grandissons.org/?page_id=497 </a></p>
<p>&nbsp;</p>
<p>Je vous propose notre premier café des parents après l&rsquo;été.<br />
Vos enfants sont évidemment les bienvenus les papas aussi. le nombre de places étant limité pensez à vous inscrire.<br />
Les personnes inscrites sont priées de confirmer leur venue la veille au plus tard.<br />
Vous pouvez emmener quelque chose à partager (gâteau, ou autre) si vous le souhaitez.</p>
<p>&nbsp;</p>
<p><a href="http://grandissons.org/wp-content/uploads/2014/05/affiche_papotons2.jpg"><img decoding="async" loading="lazy" class="aligncenter size-medium wp-image-1066" src="http://grandissons.org/wp-content/uploads/2014/05/affiche_papotons2-225x300.jpg" alt="affiche_papotons2" width="225" height="300" srcset="https://grandissons.org/wp-content/uploads/2014/05/affiche_papotons2-225x300.jpg 225w, https://grandissons.org/wp-content/uploads/2014/05/affiche_papotons2.jpg 720w" sizes="(max-width: 225px) 100vw, 225px" /></a></p>

<p>Le samedi 4 Octobre, à 16h, un café des parents, « papotons chez Grandissons » pour discuter entre parents et futurs parents. http://grandissons.org/?page_id=497  &nbsp; Je vous propose notre premier café des parents après l&rsquo;été. Vos enfants sont évidemment les bienvenus les papas aussi. le nombre de places étant limité pensez à vous inscrire. Les personnes inscrites sont priées &#8230;<span class="read-more"><a href="https://grandissons.org/?tribe_events=papotons-chez-grandissons-4">>>Read more</a></span></p>
