{"id":97,"date":"2014-01-16T19:28:40","date_gmt":"2014-01-16T18:28:40","guid":{"rendered":"http:\/\/grandissons.org\/?page_id=97"},"modified":"2014-07-07T20:24:25","modified_gmt":"2014-07-07T19:24:25","slug":"feuillets-et-videos-du-dr-jack-newman","status":"publish","type":"page","link":"https:\/\/grandissons.org\/?page_id=97","title":{"rendered":"Feuillets et vid\u00e9os du Dr Jack Newman"},"content":{"rendered":"<p>Je vous pr\u00e9sente le Docteur Jack Newman, p\u00e9diatre canadien sp\u00e9cialis\u00e9 dans l&rsquo;allaitement. Il a fourni un certain nombre de \u00ab\u00a0feuillets\u00a0\u00bb qui sont libres de distribution et d&rsquo;utilisation. Quelques uns ont \u00e9t\u00e9 traduits en fran\u00e7ais, notamment sur les sujets suivants :<\/p>\n<blockquote><p>L&rsquo;allaitement maternel : partir du bon pied<br \/>\nL\u2019importance du contact peau \u00e0 peau<br \/>\nLes coliques et le b\u00e9b\u00e9 allait\u00e9<br \/>\nLes mamelons douloureux<br \/>\nTraitements pour les mamelons et les seins douloureux<br \/>\nMon b\u00e9b\u00e9 prend-il assez de lait ?<br \/>\nUtilisation d&rsquo;un dispositif d&rsquo;aide \u00e0 la lactation<br \/>\nUtilisation du violet de gentiane<br \/>\nAllaitement et jaunisse (ict\u00e8re)<br \/>\nL\u2019alimentation au doigt<br \/>\nVous devriez continuer \u00e0 allaiter &#8211; M\u00e9dicaments et allaitement<br \/>\nVous pouvez continuer \u00e0 allaiter \u2013 Maladies chez la m\u00e8re o\u00f9 le b\u00e9b\u00e9<br \/>\nL\u2019allaitement et les autres aliments<br \/>\nQuelques mythes sur l&rsquo;allaitement<br \/>\nD&rsquo;autres mythes sur l&rsquo;allaitement<br \/>\nEncore d&rsquo;autres mythes<br \/>\nEncore et encore des mythes sur l\u2019allaitement<br \/>\nLa compression du sein<br \/>\nCommencer l&rsquo;alimentation solide<br \/>\nQue donner \u00e0 manger au b\u00e9b\u00e9 quand la m\u00e8re travaille \u00e0 l&rsquo;ext\u00e9rieur<br \/>\nComment savoir qu&rsquo;un professionnel de la sant\u00e9 ne soutient pas l&rsquo;allaitement<br \/>\nLa domp\u00e9ridone (1)<br \/>\nLa domp\u00e9ridone (2)<br \/>\nLe fluconazole<br \/>\nAllaiter un bambin : quelle dr\u00f4le d\u2019id\u00e9e !<br \/>\nCanaux lactif\u00e8res bloqu\u00e9s et mastites<br \/>\nAllaiter votre b\u00e9b\u00e9 adopt\u00e9<br \/>\nFeuilles de chou, herbes, l\u00e9cithine<br \/>\nGain de poids lent apr\u00e8s les premiers mois<br \/>\nQuand le b\u00e9b\u00e9 refuse de prendre le sein<br \/>\nL\u2019expression du lait<br \/>\nEffectuer la mise au sein<br \/>\nProtocole pour le traitement du candida<br \/>\nProtocole pour augmenter l\u2019ingestion de lait maternel par le b\u00e9b\u00e9<\/p><\/blockquote>\n<p>vous les trouverez sur le site de (cliquez sur l&rsquo;image pour afficher la page) \u00a0:<\/p>\n<p><a href=\"http:\/\/www.lllfrance.org\/Feuillets-du-Dr-Jack-Newman\/\" target=\"_blank\"><img decoding=\"async\" loading=\"lazy\" class=\"size-thumbnail wp-image-100 alignleft\" alt=\"logo LLL\" src=\"http:\/\/grandissons.org\/wp-content\/uploads\/2014\/01\/logo-LLL-150x106.png\" width=\"150\" height=\"106\" \/><\/a><\/p>\n<p>La LLL<\/p>\n<p>&nbsp;<\/p>\n<p>&nbsp;<\/p>\n<p>&nbsp;<\/p>\n<p>&nbsp;<\/p>\n<p><a href=\"http:\/\/www.lactitude.com\/text\/Newman.html\" target=\"_blank\"><img decoding=\"async\" loading=\"lazy\" class=\"size-thumbnail wp-image-98 alignleft\" alt=\"logo002\" src=\"http:\/\/grandissons.org\/wp-content\/uploads\/2014\/01\/logo002-150x116.gif\" width=\"150\" height=\"116\" \/><\/a><\/p>\n<p>&nbsp;<\/p>\n<p>Lactitude<\/p>\n<p>&nbsp;<\/p>\n<p>&nbsp;<\/p>\n<p>&nbsp;<\/p>\n<p>De plus, sur le site internet de sa clinique \u00e0 Toronto, vous pouvez trouver des vid\u00e9os tr\u00e8s informatives sur les sujets suivants :<\/p>\n<blockquote><p>Le b\u00e9b\u00e9 qui boit tr\u00e8s bien<br \/>\nBonne t\u00e9t\u00e9e<br \/>\nT\u00e9touillage<br \/>\nB\u00e9b\u00e9 de deux jours de vie<br \/>\nB\u00e9b\u00e9 de 10 heures de vie<br \/>\nB\u00e9b\u00e9 de 28 heures; mise au sein assist\u00e9e<br \/>\nB\u00e9b\u00e9 de 28 heures; prise du sein initi\u00e9e par le b\u00e9b\u00e9, guid\u00e9e par la m\u00e8re<br \/>\nMise au sein initi\u00e9e par le b\u00e9b\u00e9, guid\u00e9e par la, \u00e0 partir d\u2019une position verticale<br \/>\nB\u00e9b\u00e9 de 4 jours post fr\u00e9nectomie, avec compression du sein<br \/>\nDiff\u00e9rence entre une prise du sein superficielle et une bonne prise<br \/>\nInsertion d&rsquo;un dispositif d&rsquo;aide \u00e0 l&rsquo;allaitement<br \/>\nL\u2019alimentation au doigt pour aider un b\u00e9b\u00e9 \u00e0 prendre le sein<br \/>\nL\u2019alimentation au gobelet<br \/>\nTirer, se tortiller au sein<br \/>\nFr\u00e9nectomie<br \/>\nVasospasme<\/p><\/blockquote>\n<p><a href=\"http:\/\/www.nbci.ca\/index.php?option=com_content&amp;view=category&amp;layout=blog&amp;id=12&amp;Itemid=46\" target=\"_blank\"><img decoding=\"async\" loading=\"lazy\" class=\"size-thumbnail wp-image-99 alignleft\" alt=\"logo\" src=\"http:\/\/grandissons.org\/wp-content\/uploads\/2014\/01\/logo-150x74.png\" width=\"150\" height=\"74\" \/><\/a><\/p>\n<p>Visionnez les vid\u00e9os en fran\u00e7ais sur le <a href=\"http:\/\/www.nbci.ca\/index.php?option=com_content&amp;view=category&amp;layout=blog&amp;id=12&amp;Itemid=46\" target=\"_blank\">site du NBCI<\/a><\/p>\n<p>ou <a href=\"http:\/\/nbci.ca\/index.php?option=com_content&amp;view=category&amp;layout=blog&amp;id=6&amp;Itemid=13\" target=\"_blank\">en anglais ici<\/a>.<\/p>\n","protected":false},"excerpt":{"rendered":"<p>Je vous pr\u00e9sente le Docteur Jack Newman, p\u00e9diatre canadien sp\u00e9cialis\u00e9 dans l&rsquo;allaitement. Il a fourni un certain nombre de \u00ab\u00a0feuillets\u00a0\u00bb qui sont libres de distribution et d&rsquo;utilisation. Quelques uns ont \u00e9t\u00e9 traduits en fran\u00e7ais, notamment sur les sujets suivants : L&rsquo;allaitement maternel : partir du bon pied L\u2019importance du contact peau \u00e0 peau Les coliques &#8230;<span class=\"read-more\"><a href=\"https:\/\/grandissons.org\/?page_id=97\">>>Read more<\/a><\/span><\/p>\n","protected":false},"author":1,"featured_media":0,"parent":10,"menu_order":0,"comment_status":"open","ping_status":"open","template":"","meta":{"footnotes":""},"_links":{"self":[{"href":"https:\/\/grandissons.org\/index.php?rest_route=\/wp\/v2\/pages\/97"}],"collection":[{"href":"https:\/\/grandissons.org\/index.php?rest_route=\/wp\/v2\/pages"}],"about":[{"href":"https:\/\/grandissons.org\/index.php?rest_route=\/wp\/v2\/types\/page"}],"author":[{"embeddable":true,"href":"https:\/\/grandissons.org\/index.php?rest_route=\/wp\/v2\/users\/1"}],"replies":[{"embeddable":true,"href":"https:\/\/grandissons.org\/index.php?rest_route=%2Fwp%2Fv2%2Fcomments&post=97"}],"version-history":[{"count":4,"href":"https:\/\/grandissons.org\/index.php?rest_route=\/wp\/v2\/pages\/97\/revisions"}],"predecessor-version":[{"id":1210,"href":"https:\/\/grandissons.org\/index.php?rest_route=\/wp\/v2\/pages\/97\/revisions\/1210"}],"up":[{"embeddable":true,"href":"https:\/\/grandissons.org\/index.php?rest_route=\/wp\/v2\/pages\/10"}],"wp:attachment":[{"href":"https:\/\/grandissons.org\/index.php?rest_route=%2Fwp%2Fv2%2Fmedia&parent=97"}],"curies":[{"name":"wp","href":"https:\/\/api.w.org\/{rel}","templated":true}]}}