{"id":315,"date":"2019-02-02T19:27:49","date_gmt":"2019-02-02T18:27:49","guid":{"rendered":"http:\/\/grandissons.org\/?page_id=315"},"modified":"2019-04-12T17:03:39","modified_gmt":"2019-04-12T16:03:39","slug":"les-thes-bilingues","status":"publish","type":"page","link":"https:\/\/grandissons.org\/?page_id=315","title":{"rendered":"Les th\u00e9s-multilingues"},"content":{"rendered":"<p style=\"text-align: justify;\"><strong>Les tH\u00e9s-multilingues<\/strong> sont des rendez-vous autour de la probl\u00e9matique du bilinguisme et du multilinguisme dans le cadre de l\u2019accompagnement de nos enfants. Ils sont ouverts aux parents et \u00e0 leurs enfants de toutes les langues et toutes les nationalit\u00e9s.<\/p>\n<p>N&rsquo;h\u00e9sitez pas \u00e0 nous contacter pour conna\u00eetre la prochaine date, ou pour nous aider \u00e0 organiser un tH\u00e9-multilingue !<\/p>\n<p style=\"text-align: justify;\"><a href=\"https:\/\/grandissons.org\/wp-content\/uploads\/2019\/04\/poster_semaine_langues-page-001-1.jpg\"><img decoding=\"async\" loading=\"lazy\" class=\"aligncenter wp-image-3530 size-full\" src=\"https:\/\/grandissons.org\/wp-content\/uploads\/2019\/04\/poster_semaine_langues-page-001-1.jpg\" alt=\"\" width=\"1240\" height=\"1754\" srcset=\"https:\/\/grandissons.org\/wp-content\/uploads\/2019\/04\/poster_semaine_langues-page-001-1.jpg 1240w, https:\/\/grandissons.org\/wp-content\/uploads\/2019\/04\/poster_semaine_langues-page-001-1-212x300.jpg 212w, https:\/\/grandissons.org\/wp-content\/uploads\/2019\/04\/poster_semaine_langues-page-001-1-768x1086.jpg 768w, https:\/\/grandissons.org\/wp-content\/uploads\/2019\/04\/poster_semaine_langues-page-001-1-724x1024.jpg 724w, https:\/\/grandissons.org\/wp-content\/uploads\/2019\/04\/poster_semaine_langues-page-001-1-133x188.jpg 133w\" sizes=\"(max-width: 1240px) 100vw, 1240px\" \/><\/a><\/p>\n<p style=\"text-align: justify;\">Ne manquez plus aucun rendez-vous en consultant <a href=\"http:\/\/grandissons.org\/?post_type=tribe_events\" target=\"_blank\" rel=\"noopener noreferrer\"><strong>notre agenda<\/strong><\/a>.<\/p>\n<hr \/>\n<p>En juin dernier :<\/p>\n<p>\u00a0<\/p>\n<p><a href=\"http:\/\/grandissons.org\/wp-content\/uploads\/2015\/04\/themultilingue_270615.jpg\"><img decoding=\"async\" loading=\"lazy\" class=\"aligncenter wp-image-2016\" src=\"http:\/\/grandissons.org\/wp-content\/uploads\/2015\/04\/themultilingue_270615.jpg\" alt=\"themultilingue_270615\" width=\"400\" height=\"510\" srcset=\"https:\/\/grandissons.org\/wp-content\/uploads\/2015\/04\/themultilingue_270615.jpg 1083w, https:\/\/grandissons.org\/wp-content\/uploads\/2015\/04\/themultilingue_270615-235x300.jpg 235w, https:\/\/grandissons.org\/wp-content\/uploads\/2015\/04\/themultilingue_270615-803x1024.jpg 803w\" sizes=\"(max-width: 400px) 100vw, 400px\" \/><\/a><\/p>\n<p>\u00a0<\/p>\n<hr \/>\n<p>Le<strong> samedi 29 novembre \u00e0 17h<\/strong> au Citron Doux (22bis avenue de la R\u00e9publique \u00e0 Nice) dans le cadre de <strong>la Semaine des Langues<\/strong>.<\/p>\n<p><a href=\"http:\/\/grandissons.org\/wp-content\/uploads\/2014\/10\/affiche_semaine_des_langues.jpg\"><img decoding=\"async\" loading=\"lazy\" class=\"aligncenter wp-image-1447\" src=\"http:\/\/grandissons.org\/wp-content\/uploads\/2014\/10\/affiche_semaine_des_langues-708x1024.jpg\" alt=\"affiche_semaine_des_langues\" width=\"401\" height=\"580\" srcset=\"https:\/\/grandissons.org\/wp-content\/uploads\/2014\/10\/affiche_semaine_des_langues-708x1024.jpg 708w, https:\/\/grandissons.org\/wp-content\/uploads\/2014\/10\/affiche_semaine_des_langues-207x300.jpg 207w, https:\/\/grandissons.org\/wp-content\/uploads\/2014\/10\/affiche_semaine_des_langues.jpg 1125w\" sizes=\"(max-width: 401px) 100vw, 401px\" \/><\/a><\/p>\n<p>\u00a0<\/p>\n<hr \/>\n<p style=\"text-align: left;\"><span style=\"line-height: 1.5;\">En Ao\u00fbt : \u00e0 Cagnes-sur-Mer le\u00a0<\/span><strong style=\"line-height: 1.5;\">vendredi 1er Ao\u00fbt \u00e0 16h30\u00a0<\/strong><span style=\"line-height: 1.5;\">au 44 rue des Reynes (jardin d&rsquo;enfant).<img decoding=\"async\" loading=\"lazy\" class=\"aligncenter size-medium wp-image-1247\" src=\"http:\/\/grandissons.org\/wp-content\/uploads\/2014\/05\/gouthe_20140801-300x184.jpg\" alt=\"gouthe_20140801\" width=\"300\" height=\"184\" srcset=\"https:\/\/grandissons.org\/wp-content\/uploads\/2014\/05\/gouthe_20140801-300x184.jpg 300w, https:\/\/grandissons.org\/wp-content\/uploads\/2014\/05\/gouthe_20140801-1024x628.jpg 1024w, https:\/\/grandissons.org\/wp-content\/uploads\/2014\/05\/gouthe_20140801.jpg 1043w\" sizes=\"(max-width: 300px) 100vw, 300px\" \/><\/span><\/p>\n<hr \/>\n<p style=\"text-align: left;\"><span style=\"text-align: left; line-height: 1.5;\">En Juin : \u00e0 \u00a0Nice le\u00a0<\/span><strong style=\"text-align: left; line-height: 1.5;\">samedi 14 Juin \u00e0 16h <\/strong><span style=\"text-align: left; line-height: 1.5;\">au 35 rue Trachel (salle des associations).<\/span><\/p>\n<hr \/>\n<p style=\"text-align: left;\"><span style=\"line-height: 1.5;\">En Avril : <\/span><strong style=\"line-height: 1.5;\">mercredi 16 avril \u00e0 16h<\/strong><span style=\"line-height: 1.5;\"> au parc qui est\u00a0<\/span><strong style=\"line-height: 1.5;\">15, rue Fornero Mene\u00ef \u00e0 Nice<\/strong><span style=\"line-height: 1.5;\"> (arr\u00eat tram Virgile Barel)<\/span><\/p>\n<hr \/>\n<p style=\"text-align: center;\"><span style=\"line-height: 1.5;\">L\u2019association <\/span><em style=\"line-height: 1.5;\">Grandissons\u00a0<\/em><span style=\"line-height: 1.5;\">a le plaisir de vous convier \u00e0 son premier<\/span><\/p>\n<h1 style=\"text-align: center;\"><span style=\"color: #ff0000;\">tH\u00e9-multilingue<\/span><\/h1>\n<p><strong>le samedi 15 f\u00e9vrier 2014 \u00e0 15h30<\/strong><br \/>Parents, futurs parents, grands parents concern\u00e9s ou int\u00e9ress\u00e9s par le bilinguisme,<br \/>Venez \u00e9changer autour d\u2019une tasse de th\u00e9 sur le sujet : \u00ab\u00a0<strong><em>\u00c9lever son enfant en parlant plusieurs langues<\/em><\/strong>. \u00bb<br \/>Les enfants sont \u00e9videmment les bienvenus !<br \/><span style=\"text-decoration: underline;\">Lieu de la rencontre<\/span> : <a href=\"https:\/\/www.facebook.com\/citrondoux.leresto?ref=stream\" target=\"_blank\" rel=\"noopener noreferrer\">Citron Doux<\/a>, 22 bis, avenue de la R\u00e9publique \u2013 06300 NICE<\/p>\n<p><a href=\"http:\/\/grandissons.org\/wp-content\/uploads\/2014\/02\/citron_doux.jpg\"><img decoding=\"async\" loading=\"lazy\" class=\"size-medium wp-image-316 aligncenter\" src=\"http:\/\/grandissons.org\/wp-content\/uploads\/2014\/02\/citron_doux-300x199.jpg\" alt=\"citron_doux\" width=\"300\" height=\"199\" srcset=\"https:\/\/grandissons.org\/wp-content\/uploads\/2014\/02\/citron_doux-300x199.jpg 300w, https:\/\/grandissons.org\/wp-content\/uploads\/2014\/02\/citron_doux.jpg 960w\" sizes=\"(max-width: 300px) 100vw, 300px\" \/><\/a><\/p>\n<p><span style=\"text-decoration: underline; color: #000000;\"><span style=\"text-decoration: underline;\">Prix<\/span> <\/span>: (adh\u00e9sion annuelle \u00e0 Grandissons) : 15\u20ac par avec acc\u00e8s \u00e0 la biblioth\u00e8que, ou \u00e0 partir 5\u20ac par adulte + co\u00fbt des consommations<\/p>\n<p>Merci de <a href=\"mailto:grandissons@free.fr\">r\u00e9server par e-mail<\/a> si vous \u00eates int\u00e9ress\u00e9s !<\/p>\n\n\n<p><\/p>\n","protected":false},"excerpt":{"rendered":"<p>Les tH\u00e9s-multilingues sont des rendez-vous autour de la probl\u00e9matique du bilinguisme et du multilinguisme dans le cadre de l\u2019accompagnement de nos enfants. Ils sont ouverts aux parents et \u00e0 leurs enfants de toutes les langues et toutes les nationalit\u00e9s. N&rsquo;h\u00e9sitez pas \u00e0 nous contacter pour conna\u00eetre la prochaine date, ou pour nous aider \u00e0 organiser &#8230;<span class=\"read-more\"><a href=\"https:\/\/grandissons.org\/?page_id=315\">>>Read more<\/a><\/span><\/p>\n","protected":false},"author":1,"featured_media":0,"parent":148,"menu_order":0,"comment_status":"open","ping_status":"open","template":"","meta":{"footnotes":""},"_links":{"self":[{"href":"https:\/\/grandissons.org\/index.php?rest_route=\/wp\/v2\/pages\/315"}],"collection":[{"href":"https:\/\/grandissons.org\/index.php?rest_route=\/wp\/v2\/pages"}],"about":[{"href":"https:\/\/grandissons.org\/index.php?rest_route=\/wp\/v2\/types\/page"}],"author":[{"embeddable":true,"href":"https:\/\/grandissons.org\/index.php?rest_route=\/wp\/v2\/users\/1"}],"replies":[{"embeddable":true,"href":"https:\/\/grandissons.org\/index.php?rest_route=%2Fwp%2Fv2%2Fcomments&post=315"}],"version-history":[{"count":25,"href":"https:\/\/grandissons.org\/index.php?rest_route=\/wp\/v2\/pages\/315\/revisions"}],"predecessor-version":[{"id":3532,"href":"https:\/\/grandissons.org\/index.php?rest_route=\/wp\/v2\/pages\/315\/revisions\/3532"}],"up":[{"embeddable":true,"href":"https:\/\/grandissons.org\/index.php?rest_route=\/wp\/v2\/pages\/148"}],"wp:attachment":[{"href":"https:\/\/grandissons.org\/index.php?rest_route=%2Fwp%2Fv2%2Fmedia&parent=315"}],"curies":[{"name":"wp","href":"https:\/\/api.w.org\/{rel}","templated":true}]}}

Les thés-multilingues

<p style="text-align: justify;"><strong>Les tHés-multilingues</strong> sont des rendez-vous autour de la problématique du bilinguisme et du multilinguisme dans le cadre de l’accompagnement de nos enfants. Ils sont ouverts aux parents et à leurs enfants de toutes les langues et toutes les nationalités.</p>
<p>N&rsquo;hésitez pas à nous contacter pour connaître la prochaine date, ou pour nous aider à organiser un tHé-multilingue !</p>
<p style="text-align: justify;"><a href="https://grandissons.org/wp-content/uploads/2019/04/poster_semaine_langues-page-001-1.jpg"><img decoding="async" loading="lazy" class="aligncenter wp-image-3530 size-full" src="https://grandissons.org/wp-content/uploads/2019/04/poster_semaine_langues-page-001-1.jpg" alt="" width="1240" height="1754" srcset="https://grandissons.org/wp-content/uploads/2019/04/poster_semaine_langues-page-001-1.jpg 1240w, https://grandissons.org/wp-content/uploads/2019/04/poster_semaine_langues-page-001-1-212x300.jpg 212w, https://grandissons.org/wp-content/uploads/2019/04/poster_semaine_langues-page-001-1-768x1086.jpg 768w, https://grandissons.org/wp-content/uploads/2019/04/poster_semaine_langues-page-001-1-724x1024.jpg 724w, https://grandissons.org/wp-content/uploads/2019/04/poster_semaine_langues-page-001-1-133x188.jpg 133w" sizes="(max-width: 1240px) 100vw, 1240px" /></a></p>
<p style="text-align: justify;">Ne manquez plus aucun rendez-vous en consultant <a href="http://grandissons.org/?post_type=tribe_events" target="_blank" rel="noopener noreferrer"><strong>notre agenda</strong></a>.</p>
<hr />
<p>En juin dernier :</p>
<p> </p>
<p><a href="http://grandissons.org/wp-content/uploads/2015/04/themultilingue_270615.jpg"><img decoding="async" loading="lazy" class="aligncenter wp-image-2016" src="http://grandissons.org/wp-content/uploads/2015/04/themultilingue_270615.jpg" alt="themultilingue_270615" width="400" height="510" srcset="https://grandissons.org/wp-content/uploads/2015/04/themultilingue_270615.jpg 1083w, https://grandissons.org/wp-content/uploads/2015/04/themultilingue_270615-235x300.jpg 235w, https://grandissons.org/wp-content/uploads/2015/04/themultilingue_270615-803x1024.jpg 803w" sizes="(max-width: 400px) 100vw, 400px" /></a></p>
<p> </p>
<hr />
<p>Le<strong> samedi 29 novembre à 17h</strong> au Citron Doux (22bis avenue de la République à Nice) dans le cadre de <strong>la Semaine des Langues</strong>.</p>
<p><a href="http://grandissons.org/wp-content/uploads/2014/10/affiche_semaine_des_langues.jpg"><img decoding="async" loading="lazy" class="aligncenter wp-image-1447" src="http://grandissons.org/wp-content/uploads/2014/10/affiche_semaine_des_langues-708x1024.jpg" alt="affiche_semaine_des_langues" width="401" height="580" srcset="https://grandissons.org/wp-content/uploads/2014/10/affiche_semaine_des_langues-708x1024.jpg 708w, https://grandissons.org/wp-content/uploads/2014/10/affiche_semaine_des_langues-207x300.jpg 207w, https://grandissons.org/wp-content/uploads/2014/10/affiche_semaine_des_langues.jpg 1125w" sizes="(max-width: 401px) 100vw, 401px" /></a></p>
<p> </p>
<hr />
<p style="text-align: left;"><span style="line-height: 1.5;">En Août : à Cagnes-sur-Mer le </span><strong style="line-height: 1.5;">vendredi 1er Août à 16h30 </strong><span style="line-height: 1.5;">au 44 rue des Reynes (jardin d&rsquo;enfant).<img decoding="async" loading="lazy" class="aligncenter size-medium wp-image-1247" src="http://grandissons.org/wp-content/uploads/2014/05/gouthe_20140801-300x184.jpg" alt="gouthe_20140801" width="300" height="184" srcset="https://grandissons.org/wp-content/uploads/2014/05/gouthe_20140801-300x184.jpg 300w, https://grandissons.org/wp-content/uploads/2014/05/gouthe_20140801-1024x628.jpg 1024w, https://grandissons.org/wp-content/uploads/2014/05/gouthe_20140801.jpg 1043w" sizes="(max-width: 300px) 100vw, 300px" /></span></p>
<hr />
<p style="text-align: left;"><span style="text-align: left; line-height: 1.5;">En Juin : à  Nice le </span><strong style="text-align: left; line-height: 1.5;">samedi 14 Juin à 16h </strong><span style="text-align: left; line-height: 1.5;">au 35 rue Trachel (salle des associations).</span></p>
<hr />
<p style="text-align: left;"><span style="line-height: 1.5;">En Avril : </span><strong style="line-height: 1.5;">mercredi 16 avril à 16h</strong><span style="line-height: 1.5;"> au parc qui est </span><strong style="line-height: 1.5;">15, rue Fornero Meneï à Nice</strong><span style="line-height: 1.5;"> (arrêt tram Virgile Barel)</span></p>
<hr />
<p style="text-align: center;"><span style="line-height: 1.5;">L’association </span><em style="line-height: 1.5;">Grandissons </em><span style="line-height: 1.5;">a le plaisir de vous convier à son premier</span></p>
<h1 style="text-align: center;"><span style="color: #ff0000;">tHé-multilingue</span></h1>
<p><strong>le samedi 15 février 2014 à 15h30</strong><br />Parents, futurs parents, grands parents concernés ou intéressés par le bilinguisme,<br />Venez échanger autour d’une tasse de thé sur le sujet : « <strong><em>Élever son enfant en parlant plusieurs langues</em></strong>. »<br />Les enfants sont évidemment les bienvenus !<br /><span style="text-decoration: underline;">Lieu de la rencontre</span> : <a href="https://www.facebook.com/citrondoux.leresto?ref=stream" target="_blank" rel="noopener noreferrer">Citron Doux</a>, 22 bis, avenue de la République – 06300 NICE</p>
<p><a href="http://grandissons.org/wp-content/uploads/2014/02/citron_doux.jpg"><img decoding="async" loading="lazy" class="size-medium wp-image-316 aligncenter" src="http://grandissons.org/wp-content/uploads/2014/02/citron_doux-300x199.jpg" alt="citron_doux" width="300" height="199" srcset="https://grandissons.org/wp-content/uploads/2014/02/citron_doux-300x199.jpg 300w, https://grandissons.org/wp-content/uploads/2014/02/citron_doux.jpg 960w" sizes="(max-width: 300px) 100vw, 300px" /></a></p>
<p><span style="text-decoration: underline; color: #000000;"><span style="text-decoration: underline;">Prix</span> </span>: (adhésion annuelle à Grandissons) : 15€ par avec accès à la bibliothèque, ou à partir 5€ par adulte + coût des consommations</p>
<p>Merci de <a href="mailto:grandissons@free.fr">réserver par e-mail</a> si vous êtes intéressés !</p>


<p></p>

<p>Les tHés-multilingues sont des rendez-vous autour de la problématique du bilinguisme et du multilinguisme dans le cadre de l’accompagnement de nos enfants. Ils sont ouverts aux parents et à leurs enfants de toutes les langues et toutes les nationalités. N&rsquo;hésitez pas à nous contacter pour connaître la prochaine date, ou pour nous aider à organiser &#8230;<span class="read-more"><a href="https://grandissons.org/?page_id=315">>>Read more</a></span></p>
