{"id":1995,"date":"2015-04-10T19:10:43","date_gmt":"2015-04-10T18:10:43","guid":{"rendered":"http:\/\/grandissons.org\/?page_id=1995"},"modified":"2015-04-15T19:22:58","modified_gmt":"2015-04-15T18:22:58","slug":"alimentation","status":"publish","type":"page","link":"https:\/\/grandissons.org\/?page_id=1995","title":{"rendered":"Alimentation"},"content":{"rendered":"<p style=\"text-align: justify;\"><img decoding=\"async\" loading=\"lazy\" class=\"alignleft size-thumbnail wp-image-1996\" src=\"http:\/\/grandissons.org\/wp-content\/uploads\/2015\/04\/CB0dchvWYAAPOF5-150x150.jpg\" alt=\"CB0dchvWYAAPOF5\" width=\"150\" height=\"150\" \/><\/p>\n<p style=\"text-align: justify;\">Voici un compte-rendu d\u00e9taill\u00e9 de l&rsquo;intervention de Carlos Gonz\u00e1lez sur \u00ab\u00a0l&rsquo;alimentation de l&rsquo;enfant\u00a0\u00bb, en relation avec son livre \u00ab\u00a0<em>mon enfant ne mange pas<\/em>\u00a0\u00bb (disponible dans notre <a title=\"Notre biblioth\u00e8que\" href=\"http:\/\/grandissons.org\/?page_id=212\" target=\"_blank\">biblioth\u00e8que de pr\u00eat<\/a>) :\u00a0<a href=\"http:\/\/grandissons.org\/?p=2022\" target=\"_blank\">http:\/\/grandissons.org\/?p=2022<\/a>.<\/p>\n<p>&nbsp;<\/p>\n<p>&nbsp;<\/p>\n<p>&nbsp;<\/p>\n<p><a href=\"http:\/\/grandissons.org\/wp-content\/uploads\/2015\/04\/div_gonzalez1.jpg\"><img decoding=\"async\" loading=\"lazy\" class=\"aligncenter size-large wp-image-2019\" src=\"http:\/\/grandissons.org\/wp-content\/uploads\/2015\/04\/div_gonzalez1-1024x551.jpg\" alt=\"div_gonzalez\" width=\"670\" height=\"361\" srcset=\"https:\/\/grandissons.org\/wp-content\/uploads\/2015\/04\/div_gonzalez1-1024x551.jpg 1024w, https:\/\/grandissons.org\/wp-content\/uploads\/2015\/04\/div_gonzalez1-300x161.jpg 300w, https:\/\/grandissons.org\/wp-content\/uploads\/2015\/04\/div_gonzalez1.jpg 1502w\" sizes=\"(max-width: 670px) 100vw, 670px\" \/><\/a><\/p>\n<p>Illustration tir\u00e9e de la brochure irlandaise \u00ab\u00a0<em>Starting to spoonfeed your baby\u00a0\u00bb<\/em>.<\/p>\n<hr \/>\n<p>Quelques liens :<\/p>\n<p>&#8211; <strong>Principes g\u00e9n\u00e9raux<\/strong> :<\/p>\n<ol>\n<li>Adapt\u00e9s \u00e0 l&rsquo;enfant allait\u00e9, par\u00a0Paola Perez, animatrice LLL, consultante en lactation, di\u00e9t\u00e9ticienne\u00a0et\u00a0Marie Courdent, animatrice LLL, pu\u00e9ricultrice, consultante en lactation, formatrice Am-F\u00a0<a href=\"http:\/\/www.lllfrance.org\/Allaiter-Aujourd-hui\/AA-84-Diversification-alimentaire.html\" target=\"_blank\">http:\/\/www.lllfrance.org\/Allaiter-Aujourd-hui\/AA-84-Diversification-alimentaire.html<\/a> (f\u00e9vrier 2014).<\/li>\n<li>La brochure irlandaise \u00ab\u00a0Starting to spoonfeed your baby\u00a0\u00bb :\u00a0<a href=\"https:\/\/www.healthpromotion.ie\/hp-files\/docs\/HPM00381.pdf\u00a0\" target=\"_blank\">https:\/\/www.healthpromotion.ie\/hp-files\/docs\/HPM00381.pdf\u00a0<\/a><\/li>\n<li>Venant du Programme National Nutrition Sant\u00e9 (PNNS) : le tableau <a href=\"http:\/\/www.mangerbouger.fr\/IMG\/jpg\/01-tabelauprint.jpg\" target=\"_blank\">http:\/\/www.mangerbouger.fr\/IMG\/jpg\/01-tabelauprint.jpg<\/a>\u00a0et <a href=\"http:\/\/www.mangerbouger.fr\/pour-qui-242\/enfants\/la-phase-de-diversification-6-mois-3-ans\/bien-manger-57\/les-differentes-etapes-de-la-diversification.html\" target=\"_blank\">les\u00a0recommandations<\/a>.<\/li>\n<\/ol>\n<p>&#8211; Sur la <strong>Diversification Men\u00e9e par l&rsquo;Enfant (DME)<\/strong>\u00a0(baby-led weaning) :<\/p>\n<ol>\n<li>par\u00a0K\u00e9rima Weijers et Stefan Kleintjes, respectivement\u00a0nutritionniste p\u00e9dagogue Montessori et di\u00e9t\u00e9ticien :\u00a0<a href=\"https:\/\/www.borstvoeding.com\/bijvoeding\/schema\/frans.html\" target=\"_blank\">https:\/\/www.borstvoeding.com\/bijvoeding\/schema\/frans.html<\/a>\u00a0et\u00a0<a href=\"http:\/\/www.diversificationalimentaire.com\/\" target=\"_blank\">http:\/\/www.diversificationalimentaire.com\/<\/a><\/li>\n<li>par Emilie, une m\u00e8re canadienne : <a href=\"http:\/\/bebemangeseul.com\/\" target=\"_blank\">http:\/\/bebemangeseul.com\/<\/a><\/li>\n<\/ol>\n<p>&#8211;<strong> Remarques<\/strong> :<\/p>\n<ol>\n<li>A propos de l&rsquo;usage des <strong>laits de croissance<\/strong> : l\u2019EFSA d\u00e9clare qu\u2019il n\u2019apporte pas de valeur suppl\u00e9mentaire \u00e0 une alimentation \u00e9quilibr\u00e9e :\u00a0<a href=\"http:\/\/www.efsa.europa.eu\/fr\/press\/news\/131025.htm\" target=\"_blank\">http:\/\/www.efsa.europa.eu\/fr\/press\/news\/131025.htm<\/a><\/li>\n<\/ol>\n<p>&nbsp;<\/p>\n","protected":false},"excerpt":{"rendered":"<p>Voici un compte-rendu d\u00e9taill\u00e9 de l&rsquo;intervention de Carlos Gonz\u00e1lez sur \u00ab\u00a0l&rsquo;alimentation de l&rsquo;enfant\u00a0\u00bb, en relation avec son livre \u00ab\u00a0mon enfant ne mange pas\u00a0\u00bb (disponible dans notre biblioth\u00e8que de pr\u00eat) :\u00a0http:\/\/grandissons.org\/?p=2022. &nbsp; &nbsp; &nbsp; Illustration tir\u00e9e de la brochure irlandaise \u00ab\u00a0Starting to spoonfeed your baby\u00a0\u00bb. Quelques liens : &#8211; Principes g\u00e9n\u00e9raux : Adapt\u00e9s \u00e0 l&rsquo;enfant allait\u00e9, &#8230;<span class=\"read-more\"><a href=\"https:\/\/grandissons.org\/?page_id=1995\">>>Read more<\/a><\/span><\/p>\n","protected":false},"author":1,"featured_media":0,"parent":21,"menu_order":0,"comment_status":"open","ping_status":"open","template":"","meta":{"footnotes":""},"_links":{"self":[{"href":"https:\/\/grandissons.org\/index.php?rest_route=\/wp\/v2\/pages\/1995"}],"collection":[{"href":"https:\/\/grandissons.org\/index.php?rest_route=\/wp\/v2\/pages"}],"about":[{"href":"https:\/\/grandissons.org\/index.php?rest_route=\/wp\/v2\/types\/page"}],"author":[{"embeddable":true,"href":"https:\/\/grandissons.org\/index.php?rest_route=\/wp\/v2\/users\/1"}],"replies":[{"embeddable":true,"href":"https:\/\/grandissons.org\/index.php?rest_route=%2Fwp%2Fv2%2Fcomments&post=1995"}],"version-history":[{"count":14,"href":"https:\/\/grandissons.org\/index.php?rest_route=\/wp\/v2\/pages\/1995\/revisions"}],"predecessor-version":[{"id":2051,"href":"https:\/\/grandissons.org\/index.php?rest_route=\/wp\/v2\/pages\/1995\/revisions\/2051"}],"up":[{"embeddable":true,"href":"https:\/\/grandissons.org\/index.php?rest_route=\/wp\/v2\/pages\/21"}],"wp:attachment":[{"href":"https:\/\/grandissons.org\/index.php?rest_route=%2Fwp%2Fv2%2Fmedia&parent=1995"}],"curies":[{"name":"wp","href":"https:\/\/api.w.org\/{rel}","templated":true}]}}