{"id":1874,"date":"2023-10-05T19:02:32","date_gmt":"2023-10-05T17:02:32","guid":{"rendered":"http:\/\/grandissons.org\/?page_id=1874"},"modified":"2023-10-05T19:02:32","modified_gmt":"2023-10-05T17:02:32","slug":"les-rencontres-entre-parents-allaitants","status":"publish","type":"page","link":"https:\/\/grandissons.org\/?page_id=1874","title":{"rendered":"Les r\u00e9unions allaitement avec La Leche League"},"content":{"rendered":"<p style=\"text-align: justify;\">Nous co-animons avec la Leche League presque chaque mois une r\u00e9union d\u2019information et de partage sur l\u2019allaitement maternel et le maternage. Il s\u2019agit d\u2019un espace de parole autour de l\u2019exp\u00e9rience de la maternit\u00e9, de l\u2019allaitement, de la naissance, de la vie avec un nouveau-n\u00e9, un bambin\u2026<br \/>Ces r\u00e9unions sont aussi l\u2019occasion de discuter de maternage, de choix \u00e9ducatifs et relationnels qui respectent les capacit\u00e9s et la sensibilit\u00e9 de l\u2019enfant.<br \/>Elles sont ouvertes \u00e0 tous ceux qui sont int\u00e9ress\u00e9s par l\u2019allaitement.<br \/>Plus de renseignements : 0664210858 ou grandissons@yahoo.com<\/p>\n<p style=\"text-align: justify;\">Suivez les dates sur notre <a href=\"https:\/\/grandissons.org\/?post_type=tribe_events\">agenda<\/a> pour ne rater aucun rendez-vous !<\/p>\n<p style=\"text-align: justify;\">\u00a0<\/p>\n\n\n<figure class=\"wp-block-image\"><img decoding=\"async\" loading=\"lazy\" width=\"670\" height=\"1024\" src=\"https:\/\/grandissons.org\/wp-content\/uploads\/2018\/09\/bebe2-670x1024.jpg\" alt=\"\" class=\"wp-image-3380\" srcset=\"https:\/\/grandissons.org\/wp-content\/uploads\/2018\/09\/bebe2-670x1024.jpg 670w, https:\/\/grandissons.org\/wp-content\/uploads\/2018\/09\/bebe2-196x300.jpg 196w, https:\/\/grandissons.org\/wp-content\/uploads\/2018\/09\/bebe2-768x1173.jpg 768w, https:\/\/grandissons.org\/wp-content\/uploads\/2018\/09\/bebe2-131x200.jpg 131w, https:\/\/grandissons.org\/wp-content\/uploads\/2018\/09\/bebe2-85x130.jpg 85w, https:\/\/grandissons.org\/wp-content\/uploads\/2018\/09\/bebe2.jpg 1063w\" sizes=\"(max-width: 670px) 100vw, 670px\" \/><\/figure>\n","protected":false},"excerpt":{"rendered":"<p>Nous co-animons avec la Leche League presque chaque mois une r\u00e9union d\u2019information et de partage sur l\u2019allaitement maternel et le maternage. Il s\u2019agit d\u2019un espace de parole autour de l\u2019exp\u00e9rience de la maternit\u00e9, de l\u2019allaitement, de la naissance, de la vie avec un nouveau-n\u00e9, un bambin\u2026Ces r\u00e9unions sont aussi l\u2019occasion de discuter de maternage, de &#8230;<span class=\"read-more\"><a href=\"https:\/\/grandissons.org\/?page_id=1874\">>>Read more<\/a><\/span><\/p>\n","protected":false},"author":1,"featured_media":0,"parent":1397,"menu_order":0,"comment_status":"open","ping_status":"open","template":"","meta":{"footnotes":""},"_links":{"self":[{"href":"https:\/\/grandissons.org\/index.php?rest_route=\/wp\/v2\/pages\/1874"}],"collection":[{"href":"https:\/\/grandissons.org\/index.php?rest_route=\/wp\/v2\/pages"}],"about":[{"href":"https:\/\/grandissons.org\/index.php?rest_route=\/wp\/v2\/types\/page"}],"author":[{"embeddable":true,"href":"https:\/\/grandissons.org\/index.php?rest_route=\/wp\/v2\/users\/1"}],"replies":[{"embeddable":true,"href":"https:\/\/grandissons.org\/index.php?rest_route=%2Fwp%2Fv2%2Fcomments&post=1874"}],"version-history":[{"count":14,"href":"https:\/\/grandissons.org\/index.php?rest_route=\/wp\/v2\/pages\/1874\/revisions"}],"predecessor-version":[{"id":4380,"href":"https:\/\/grandissons.org\/index.php?rest_route=\/wp\/v2\/pages\/1874\/revisions\/4380"}],"up":[{"embeddable":true,"href":"https:\/\/grandissons.org\/index.php?rest_route=\/wp\/v2\/pages\/1397"}],"wp:attachment":[{"href":"https:\/\/grandissons.org\/index.php?rest_route=%2Fwp%2Fv2%2Fmedia&parent=1874"}],"curies":[{"name":"wp","href":"https:\/\/api.w.org\/{rel}","templated":true}]}}

Les réunions allaitement avec La Leche League

<p style="text-align: justify;">Nous co-animons avec la Leche League presque chaque mois une réunion d’information et de partage sur l’allaitement maternel et le maternage. Il s’agit d’un espace de parole autour de l’expérience de la maternité, de l’allaitement, de la naissance, de la vie avec un nouveau-né, un bambin…<br />Ces réunions sont aussi l’occasion de discuter de maternage, de choix éducatifs et relationnels qui respectent les capacités et la sensibilité de l’enfant.<br />Elles sont ouvertes à tous ceux qui sont intéressés par l’allaitement.<br />Plus de renseignements : 0664210858 ou grandissons@yahoo.com</p>
<p style="text-align: justify;">Suivez les dates sur notre <a href="https://grandissons.org/?post_type=tribe_events">agenda</a> pour ne rater aucun rendez-vous !</p>
<p style="text-align: justify;"> </p>


<figure class="wp-block-image"><img decoding="async" loading="lazy" width="670" height="1024" src="https://grandissons.org/wp-content/uploads/2018/09/bebe2-670x1024.jpg" alt="" class="wp-image-3380" srcset="https://grandissons.org/wp-content/uploads/2018/09/bebe2-670x1024.jpg 670w, https://grandissons.org/wp-content/uploads/2018/09/bebe2-196x300.jpg 196w, https://grandissons.org/wp-content/uploads/2018/09/bebe2-768x1173.jpg 768w, https://grandissons.org/wp-content/uploads/2018/09/bebe2-131x200.jpg 131w, https://grandissons.org/wp-content/uploads/2018/09/bebe2-85x130.jpg 85w, https://grandissons.org/wp-content/uploads/2018/09/bebe2.jpg 1063w" sizes="(max-width: 670px) 100vw, 670px" /></figure>

<p>Nous co-animons avec la Leche League presque chaque mois une réunion d’information et de partage sur l’allaitement maternel et le maternage. Il s’agit d’un espace de parole autour de l’expérience de la maternité, de l’allaitement, de la naissance, de la vie avec un nouveau-né, un bambin…Ces réunions sont aussi l’occasion de discuter de maternage, de &#8230;<span class="read-more"><a href="https://grandissons.org/?page_id=1874">>>Read more</a></span></p>
