{"id":1597,"date":"2014-12-15T23:17:36","date_gmt":"2014-12-15T22:17:36","guid":{"rendered":"http:\/\/grandissons.org\/?page_id=1597"},"modified":"2016-05-16T16:25:39","modified_gmt":"2016-05-16T15:25:39","slug":"revue-de-presse","status":"publish","type":"page","link":"https:\/\/grandissons.org\/?page_id=1597","title":{"rendered":"Revue de presse"},"content":{"rendered":"<ul>\n<li>France Bleu Azur, \u00e9mission du 16 mai 2016 :\u00a0Lauranne pr\u00e9sente la SMAR<\/li>\n<li><iframe loading=\"lazy\" src=\"https:\/\/www.francebleu.fr\/player\/export\/reecouter\/emission?content=a3cc6db4-180a-4948-8518-46d8216c19e1\" width=\"300\" height=\"150\"><\/iframe><\/li>\n<\/ul>\n<ul>\n<li>France Bleu Azur, \u00e9mission du 18 mai 2015\u00a0:\u00a0Lauranne pr\u00e9sente la SMAR<br \/>\n<iframe loading=\"lazy\" src=\"http:\/\/www.francebleu.fr\/player\/export-reecouter?content=2364415\" width=\"481\" height=\"139\" frameborder=\"0\" scrolling=\"no\"><\/iframe><\/li>\n<\/ul>\n<ul>\n<li>France 3 PACA, \u00e9mission du 2 mai 2015\u00a0:\u00a0Marie \u00e0 la Journ\u00e9e de la Non-Violence \u00c9ducative \u00e0 Cagnes<\/li>\n<\/ul>\n<p><a href=\"http:\/\/france3-regions.francetvinfo.fr\/cote-d-azur\/emissions\/jt-1920-cote-d-azur\" target=\"_blank\">http:\/\/france3-regions.francetvinfo.fr\/cote-d-azur\/emissions\/jt-1920-cote-d-azur<\/a> (\u00e0 5&rsquo;05)<\/p>\n<p><a href=\"http:\/\/grandissons.org\/wp-content\/uploads\/2014\/12\/4.jpg\"><img decoding=\"async\" loading=\"lazy\" class=\"alignnone  wp-image-2213\" src=\"http:\/\/grandissons.org\/wp-content\/uploads\/2014\/12\/2-150x150.jpg\" alt=\"2\" width=\"100\" height=\"100\" \/><\/a>\u00a0<a href=\"http:\/\/grandissons.org\/wp-content\/uploads\/2014\/12\/3.jpg\"><img decoding=\"async\" loading=\"lazy\" class=\"alignnone  wp-image-2214\" src=\"http:\/\/grandissons.org\/wp-content\/uploads\/2014\/12\/3-150x150.jpg\" alt=\"3\" width=\"100\" height=\"100\" \/><\/a>\u00a0<img decoding=\"async\" loading=\"lazy\" class=\"alignnone  wp-image-2215\" src=\"http:\/\/grandissons.org\/wp-content\/uploads\/2014\/12\/4-150x150.jpg\" alt=\"4\" width=\"100\" height=\"100\" \/>\u00a0<a href=\"http:\/\/grandissons.org\/wp-content\/uploads\/2014\/12\/5.jpg\"><img decoding=\"async\" loading=\"lazy\" class=\"alignnone  wp-image-2212\" src=\"http:\/\/grandissons.org\/wp-content\/uploads\/2014\/12\/5-150x150.jpg\" alt=\"5\" width=\"100\" height=\"100\" \/><\/a><\/p>\n<p>&nbsp;<\/p>\n<ul>\n<li>Nice matin, \u00e9dition de Cagnes-sur-Mer, le 1er mai 2015, un encart sur les violences \u00e9ducatives<\/li>\n<\/ul>\n<p><a href=\"http:\/\/grandissons.org\/wp-content\/uploads\/2014\/12\/IMG_20150502_1803552.jpg\"><img decoding=\"async\" loading=\"lazy\" class=\"  wp-image-2219 aligncenter\" src=\"http:\/\/grandissons.org\/wp-content\/uploads\/2014\/12\/IMG_20150502_1803552-1024x522.jpg\" alt=\"IMG_20150502_180355~2\" width=\"500\" height=\"255\" srcset=\"https:\/\/grandissons.org\/wp-content\/uploads\/2014\/12\/IMG_20150502_1803552-1024x522.jpg 1024w, https:\/\/grandissons.org\/wp-content\/uploads\/2014\/12\/IMG_20150502_1803552-300x153.jpg 300w\" sizes=\"(max-width: 500px) 100vw, 500px\" \/><\/a><\/p>\n<ul>\n<li>France Bleu Azur, \u00e9mission du 28 avril 2015\u00a0:\u00a0Marie pr\u00e9sente la Journ\u00e9e de la Non-Violence \u00c9ducative<br \/>\n<iframe loading=\"lazy\" src=\"http:\/\/www.francebleu.fr\/player\/export-reecouter?content=2316433\" width=\"481\" height=\"139\" frameborder=\"0\" scrolling=\"no\"><\/iframe><\/li>\n<\/ul>\n<p>&nbsp;<\/p>\n<ul>\n<li>France Bleu Azur, \u00e9mission du 1er avril 2015\u00a0:\u00a0Lise pr\u00e9sente l&rsquo;association et les conf\u00e9rences\u00a0de Carlos Gonzalez<\/li>\n<\/ul>\n<p><iframe loading=\"lazy\" src=\"http:\/\/www.francebleu.fr\/player\/export-reecouter?content=2256019\" width=\"481\" height=\"139\" frameborder=\"0\" scrolling=\"no\"><\/iframe><\/p>\n<hr \/>\n<p>En 2014 :<\/p>\n<ul>\n<li>France Bleu Azur, \u00e9mission du 19 novembre 2014\u00a0: \u00e0\u00a0l&rsquo;occasion de la semaine des langues, Lise pr\u00e9sente \u00e0 la radio le versant plurilinguisme de l&rsquo;association<\/li>\n<\/ul>\n<p><iframe loading=\"lazy\" src=\"http:\/\/www.francebleu.fr\/player\/export-reecouter?content=1938582\" width=\"481\" height=\"139\" frameborder=\"0\" scrolling=\"no\"><\/iframe><\/p>\n<ul>\n<li>Nice matin, le\u00a028 novembre 2014, sur la semaine des Langues<\/li>\n<\/ul>\n<p><a href=\"http:\/\/grandissons.org\/wp-content\/uploads\/2014\/12\/5738.jpg\"><img decoding=\"async\" loading=\"lazy\" class=\"size-medium wp-image-1602 alignleft\" src=\"http:\/\/grandissons.org\/wp-content\/uploads\/2014\/12\/5738-224x300.jpg\" alt=\"5738\" width=\"224\" height=\"300\" srcset=\"https:\/\/grandissons.org\/wp-content\/uploads\/2014\/12\/5738-224x300.jpg 224w, https:\/\/grandissons.org\/wp-content\/uploads\/2014\/12\/5738.jpg 395w\" sizes=\"(max-width: 224px) 100vw, 224px\" \/><\/a><\/p>\n<p>&nbsp;<\/p>\n<p>&nbsp;<\/p>\n<p>&nbsp;<\/p>\n<p>&nbsp;<\/p>\n<p>&nbsp;<\/p>\n<p>&nbsp;<\/p>\n<p>&nbsp;<\/p>\n<p>&nbsp;<\/p>\n<p>&nbsp;<\/p>\n<p>&nbsp;<\/p>\n<p>&nbsp;<\/p>\n<ul>\n<li>France Bleu Azur, \u00e9mission du 16 octobre 2014 : Marie pr\u00e9sente l&rsquo;association<\/li>\n<\/ul>\n<p><iframe loading=\"lazy\" src=\"http:\/\/www.francebleu.fr\/player\/export-reecouter?content=1856330\" width=\"481\" height=\"139\" frameborder=\"0\" scrolling=\"no\"><\/iframe><\/p>\n<hr \/>\n<p>&nbsp;<\/p>\n<p>&nbsp;<\/p>\n<p>&nbsp;<\/p>\n","protected":false},"excerpt":{"rendered":"<p>France Bleu Azur, \u00e9mission du 16 mai 2016 :\u00a0Lauranne pr\u00e9sente la SMAR France Bleu Azur, \u00e9mission du 18 mai 2015\u00a0:\u00a0Lauranne pr\u00e9sente la SMAR France 3 PACA, \u00e9mission du 2 mai 2015\u00a0:\u00a0Marie \u00e0 la Journ\u00e9e de la Non-Violence \u00c9ducative \u00e0 Cagnes http:\/\/france3-regions.francetvinfo.fr\/cote-d-azur\/emissions\/jt-1920-cote-d-azur (\u00e0 5&rsquo;05) \u00a0\u00a0\u00a0 &nbsp; Nice matin, \u00e9dition de Cagnes-sur-Mer, le 1er mai 2015, un &#8230;<span class=\"read-more\"><a href=\"https:\/\/grandissons.org\/?page_id=1597\">>>Read more<\/a><\/span><\/p>\n","protected":false},"author":1,"featured_media":0,"parent":4,"menu_order":0,"comment_status":"open","ping_status":"open","template":"","meta":{"footnotes":""},"_links":{"self":[{"href":"https:\/\/grandissons.org\/index.php?rest_route=\/wp\/v2\/pages\/1597"}],"collection":[{"href":"https:\/\/grandissons.org\/index.php?rest_route=\/wp\/v2\/pages"}],"about":[{"href":"https:\/\/grandissons.org\/index.php?rest_route=\/wp\/v2\/types\/page"}],"author":[{"embeddable":true,"href":"https:\/\/grandissons.org\/index.php?rest_route=\/wp\/v2\/users\/1"}],"replies":[{"embeddable":true,"href":"https:\/\/grandissons.org\/index.php?rest_route=%2Fwp%2Fv2%2Fcomments&post=1597"}],"version-history":[{"count":13,"href":"https:\/\/grandissons.org\/index.php?rest_route=\/wp\/v2\/pages\/1597\/revisions"}],"predecessor-version":[{"id":2654,"href":"https:\/\/grandissons.org\/index.php?rest_route=\/wp\/v2\/pages\/1597\/revisions\/2654"}],"up":[{"embeddable":true,"href":"https:\/\/grandissons.org\/index.php?rest_route=\/wp\/v2\/pages\/4"}],"wp:attachment":[{"href":"https:\/\/grandissons.org\/index.php?rest_route=%2Fwp%2Fv2%2Fmedia&parent=1597"}],"curies":[{"name":"wp","href":"https:\/\/api.w.org\/{rel}","templated":true}]}}

<ul>
<li>France Bleu Azur, émission du 16 mai 2016 : Lauranne présente la SMAR</li>
<li><iframe loading="lazy" src="https://www.francebleu.fr/player/export/reecouter/emission?content=a3cc6db4-180a-4948-8518-46d8216c19e1" width="300" height="150"></iframe></li>
</ul>
<ul>
<li>France Bleu Azur, émission du 18 mai 2015 : Lauranne présente la SMAR<br />
<iframe loading="lazy" src="http://www.francebleu.fr/player/export-reecouter?content=2364415" width="481" height="139" frameborder="0" scrolling="no"></iframe></li>
</ul>
<ul>
<li>France 3 PACA, émission du 2 mai 2015 : Marie à la Journée de la Non-Violence Éducative à Cagnes</li>
</ul>
<p><a href="http://france3-regions.francetvinfo.fr/cote-d-azur/emissions/jt-1920-cote-d-azur" target="_blank">http://france3-regions.francetvinfo.fr/cote-d-azur/emissions/jt-1920-cote-d-azur</a> (à 5&rsquo;05)</p>
<p><a href="http://grandissons.org/wp-content/uploads/2014/12/4.jpg"><img decoding="async" loading="lazy" class="alignnone  wp-image-2213" src="http://grandissons.org/wp-content/uploads/2014/12/2-150x150.jpg" alt="2" width="100" height="100" /></a> <a href="http://grandissons.org/wp-content/uploads/2014/12/3.jpg"><img decoding="async" loading="lazy" class="alignnone  wp-image-2214" src="http://grandissons.org/wp-content/uploads/2014/12/3-150x150.jpg" alt="3" width="100" height="100" /></a> <img decoding="async" loading="lazy" class="alignnone  wp-image-2215" src="http://grandissons.org/wp-content/uploads/2014/12/4-150x150.jpg" alt="4" width="100" height="100" /> <a href="http://grandissons.org/wp-content/uploads/2014/12/5.jpg"><img decoding="async" loading="lazy" class="alignnone  wp-image-2212" src="http://grandissons.org/wp-content/uploads/2014/12/5-150x150.jpg" alt="5" width="100" height="100" /></a></p>
<p>&nbsp;</p>
<ul>
<li>Nice matin, édition de Cagnes-sur-Mer, le 1er mai 2015, un encart sur les violences éducatives</li>
</ul>
<p><a href="http://grandissons.org/wp-content/uploads/2014/12/IMG_20150502_1803552.jpg"><img decoding="async" loading="lazy" class="  wp-image-2219 aligncenter" src="http://grandissons.org/wp-content/uploads/2014/12/IMG_20150502_1803552-1024x522.jpg" alt="IMG_20150502_180355~2" width="500" height="255" srcset="https://grandissons.org/wp-content/uploads/2014/12/IMG_20150502_1803552-1024x522.jpg 1024w, https://grandissons.org/wp-content/uploads/2014/12/IMG_20150502_1803552-300x153.jpg 300w" sizes="(max-width: 500px) 100vw, 500px" /></a></p>
<ul>
<li>France Bleu Azur, émission du 28 avril 2015 : Marie présente la Journée de la Non-Violence Éducative<br />
<iframe loading="lazy" src="http://www.francebleu.fr/player/export-reecouter?content=2316433" width="481" height="139" frameborder="0" scrolling="no"></iframe></li>
</ul>
<p>&nbsp;</p>
<ul>
<li>France Bleu Azur, émission du 1er avril 2015 : Lise présente l&rsquo;association et les conférences de Carlos Gonzalez</li>
</ul>
<p><iframe loading="lazy" src="http://www.francebleu.fr/player/export-reecouter?content=2256019" width="481" height="139" frameborder="0" scrolling="no"></iframe></p>
<hr />
<p>En 2014 :</p>
<ul>
<li>France Bleu Azur, émission du 19 novembre 2014 : à l&rsquo;occasion de la semaine des langues, Lise présente à la radio le versant plurilinguisme de l&rsquo;association</li>
</ul>
<p><iframe loading="lazy" src="http://www.francebleu.fr/player/export-reecouter?content=1938582" width="481" height="139" frameborder="0" scrolling="no"></iframe></p>
<ul>
<li>Nice matin, le 28 novembre 2014, sur la semaine des Langues</li>
</ul>
<p><a href="http://grandissons.org/wp-content/uploads/2014/12/5738.jpg"><img decoding="async" loading="lazy" class="size-medium wp-image-1602 alignleft" src="http://grandissons.org/wp-content/uploads/2014/12/5738-224x300.jpg" alt="5738" width="224" height="300" srcset="https://grandissons.org/wp-content/uploads/2014/12/5738-224x300.jpg 224w, https://grandissons.org/wp-content/uploads/2014/12/5738.jpg 395w" sizes="(max-width: 224px) 100vw, 224px" /></a></p>
<p>&nbsp;</p>
<p>&nbsp;</p>
<p>&nbsp;</p>
<p>&nbsp;</p>
<p>&nbsp;</p>
<p>&nbsp;</p>
<p>&nbsp;</p>
<p>&nbsp;</p>
<p>&nbsp;</p>
<p>&nbsp;</p>
<p>&nbsp;</p>
<ul>
<li>France Bleu Azur, émission du 16 octobre 2014 : Marie présente l&rsquo;association</li>
</ul>
<p><iframe loading="lazy" src="http://www.francebleu.fr/player/export-reecouter?content=1856330" width="481" height="139" frameborder="0" scrolling="no"></iframe></p>
<hr />
<p>&nbsp;</p>
<p>&nbsp;</p>
<p>&nbsp;</p>

<p>France Bleu Azur, émission du 16 mai 2016 : Lauranne présente la SMAR France Bleu Azur, émission du 18 mai 2015 : Lauranne présente la SMAR France 3 PACA, émission du 2 mai 2015 : Marie à la Journée de la Non-Violence Éducative à Cagnes http://france3-regions.francetvinfo.fr/cote-d-azur/emissions/jt-1920-cote-d-azur (à 5&rsquo;05)     &nbsp; Nice matin, édition de Cagnes-sur-Mer, le 1er mai 2015, un &#8230;<span class="read-more"><a href="https://grandissons.org/?page_id=1597">>>Read more</a></span></p>
